{"id":1053,"date":"2025-11-08T18:37:14","date_gmt":"2025-11-08T17:37:14","guid":{"rendered":"https:\/\/sarreldellevant.net\/producto\/sabo-natural-de-menta-i-cacau\/"},"modified":"2025-11-08T18:37:14","modified_gmt":"2025-11-08T17:37:14","slug":"sabo-natural-de-menta-i-cacau","status":"publish","type":"product","link":"https:\/\/sarreldellevant.net\/ca\/producto\/sabo-natural-de-menta-i-cacau\/","title":{"rendered":"Sab\u00f3 natural de menta i cacau"},"content":{"rendered":"<p>Sab\u00f3 natural de menta i cacau elaborat artesanalment a Mallorca mitjan\u00e7ant saponificaci\u00f3 en fred, ofereix una experi\u00e8ncia sensorial revitalitzant. La f\u00f3rmula d&#8217;aquest sab\u00f3 natural combina la frescor intensa de l&#8217;oli essencial de menta amb la suavitat antioxidant del cacau, creant una sinergia perfecta entre la neteja profunda i la cura de la pell. <\/p>\n<p>Aquest sab\u00f3 artesanal de menta i cacau \u00e9s ideal per a les dutxes matinals o despr\u00e9s de fer exercici, aportant frescor i un efecte tonificant al cos i la ment.<\/p>\n<p><strong>Ingredients clau i beneficis del sab\u00f3 natural:<\/strong><\/p>\n<ul>\n<li><strong>Oli essencial de menta (Mentha Piperita Oil):<\/strong> estimula, refresca i tonifica la pell. Ideal per activar la circulaci\u00f3 i aportar energia. <\/li>\n<li><strong>Pols de cacau (Theobroma Cacao Powder):<\/strong> ric en antioxidants, millora l&#8217;aspecte de la pell i aporta una aroma c\u00e0lida i reconfortant.<\/li>\n<li><strong>Olis i mantegues vegetals org\u00e0niques (oliva, coco, karit\u00e9, ric\u00ed):<\/strong> nutreixen, suavitzen i hidraten intensament la pell sense ressecar.<\/li>\n<li><strong>Pigments minerals i mica:<\/strong> aporten un color atractiu i natural sense ingredients sint\u00e8tics.<\/li>\n<\/ul>\n<p><strong>F\u00f3rmula natural i conscient:<\/strong><\/p>\n<ul>\n<li>100 % ingredients naturals i biodegradables.<\/li>\n<li>Sense sulfats, parabens ni colorants artificials.<\/li>\n<li>Veg\u00e0 i no testat en animals.<\/li>\n<li>Fet a m\u00e0 amb ingredients procedents d&#8217;agricultura ecol\u00f2gica.<\/li>\n<\/ul>\n<p><!-- C\u00d3MO USARLO --><\/p>\n<details>\n<summary><strong>COM USAR-LO<\/strong><\/summary>\n<p>Humiteja el sab\u00f3 i frega&#8217;l entre les mans o sobre una esponja.<br \/>\nMassatja sobre la pell humida amb moviments circulars.<br \/>\nEsbandeix el sab\u00f3 de la pell amb aigua t\u00e8bia.<br \/>\nConserva&#8217;l en un lloc sec entre usos (idealment en una sabonera amb drenatge o en una bossa de cot\u00f3).<\/p>\n<\/details>\n<p><!-- INCI \u2013 INGREDIENTES --><\/p>\n<details style=\"margin-bottom: 15px;\">\n<summary><strong>INCI \u2013 INGREDIENTS<\/strong><\/summary>\n<p>Olea Europaea Oil, Aqua, Cocos Nucifera Oil, Sodium Hydroxide, Butyrospermum Parkii Butter,<br \/>\nRicinus Communis Oil, Theobroma Cacao Powder, Mentha Piperita Oil, Mica (CI 77019),<br \/>\nTitanium Dioxide (CI 77891), Iron Oxide Red (CI 77491), Limonene, Linalool.<br \/>\n<em>Al\u00b7l\u00e8rgens presents de forma natural en els olis essencials.<\/em><\/p>\n<\/details>\n","protected":false},"excerpt":{"rendered":"<p>Sab\u00f3 natural de menta i cacau elaborat artesanalment a Mallorca mitjan\u00e7ant saponificaci\u00f3 en fred, ofereix una experi\u00e8ncia sensorial revitalitzant.<\/p>\n","protected":false},"featured_media":1054,"comment_status":"open","ping_status":"closed","template":"","meta":{"_et_pb_use_builder":"","_et_pb_old_content":"","_et_gb_content_width":"","om_disable_all_campaigns":false,"_monsterinsights_skip_tracking":false,"_monsterinsights_sitenote_active":false,"_monsterinsights_sitenote_note":"","_monsterinsights_sitenote_category":0,"_uf_show_specific_survey":0,"_uf_disable_surveys":false},"product_brand":[],"product_cat":[82],"product_tag":[85,84,83],"class_list":{"0":"post-1053","1":"product","2":"type-product","3":"status-publish","4":"has-post-thumbnail","6":"product_cat-cura-corporal","7":"product_tag-artesanal","8":"product_tag-producte-vega","9":"product_tag-tot-tipus-de-pells","11":"first","12":"instock","13":"taxable","14":"shipping-taxable","15":"purchasable","16":"product-type-simple"},"aioseo_notices":[],"jetpack_sharing_enabled":true,"_links":{"self":[{"href":"https:\/\/sarreldellevant.net\/ca\/wp-json\/wp\/v2\/product\/1053","targetHints":{"allow":["GET"]}}],"collection":[{"href":"https:\/\/sarreldellevant.net\/ca\/wp-json\/wp\/v2\/product"}],"about":[{"href":"https:\/\/sarreldellevant.net\/ca\/wp-json\/wp\/v2\/types\/product"}],"replies":[{"embeddable":true,"href":"https:\/\/sarreldellevant.net\/ca\/wp-json\/wp\/v2\/comments?post=1053"}],"wp:featuredmedia":[{"embeddable":true,"href":"https:\/\/sarreldellevant.net\/ca\/wp-json\/wp\/v2\/media\/1054"}],"wp:attachment":[{"href":"https:\/\/sarreldellevant.net\/ca\/wp-json\/wp\/v2\/media?parent=1053"}],"wp:term":[{"taxonomy":"product_brand","embeddable":true,"href":"https:\/\/sarreldellevant.net\/ca\/wp-json\/wp\/v2\/product_brand?post=1053"},{"taxonomy":"product_cat","embeddable":true,"href":"https:\/\/sarreldellevant.net\/ca\/wp-json\/wp\/v2\/product_cat?post=1053"},{"taxonomy":"product_tag","embeddable":true,"href":"https:\/\/sarreldellevant.net\/ca\/wp-json\/wp\/v2\/product_tag?post=1053"}],"curies":[{"name":"wp","href":"https:\/\/api.w.org\/{rel}","templated":true}]}}

Sabó natural de menta i cacau

<p>Sabó natural de menta i cacau elaborat artesanalment a Mallorca mitjançant saponificació en fred, ofereix una experiència sensorial revitalitzant. La fórmula d&#8217;aquest sabó natural combina la frescor intensa de l&#8217;oli essencial de menta amb la suavitat antioxidant del cacau, creant una sinergia perfecta entre la neteja profunda i la cura de la pell. </p>
<p>Aquest sabó artesanal de menta i cacau és ideal per a les dutxes matinals o després de fer exercici, aportant frescor i un efecte tonificant al cos i la ment.</p>
<p><strong>Ingredients clau i beneficis del sabó natural:</strong></p>
<ul>
<li><strong>Oli essencial de menta (Mentha Piperita Oil):</strong> estimula, refresca i tonifica la pell. Ideal per activar la circulació i aportar energia. </li>
<li><strong>Pols de cacau (Theobroma Cacao Powder):</strong> ric en antioxidants, millora l&#8217;aspecte de la pell i aporta una aroma càlida i reconfortant.</li>
<li><strong>Olis i mantegues vegetals orgàniques (oliva, coco, karité, ricí):</strong> nutreixen, suavitzen i hidraten intensament la pell sense ressecar.</li>
<li><strong>Pigments minerals i mica:</strong> aporten un color atractiu i natural sense ingredients sintètics.</li>
</ul>
<p><strong>Fórmula natural i conscient:</strong></p>
<ul>
<li>100 % ingredients naturals i biodegradables.</li>
<li>Sense sulfats, parabens ni colorants artificials.</li>
<li>Vegà i no testat en animals.</li>
<li>Fet a mà amb ingredients procedents d&#8217;agricultura ecològica.</li>
</ul>
<p><!-- CÓMO USARLO --></p>
<details>
<summary><strong>COM USAR-LO</strong></summary>
<p>Humiteja el sabó i frega&#8217;l entre les mans o sobre una esponja.<br />
Massatja sobre la pell humida amb moviments circulars.<br />
Esbandeix el sabó de la pell amb aigua tèbia.<br />
Conserva&#8217;l en un lloc sec entre usos (idealment en una sabonera amb drenatge o en una bossa de cotó).</p>
</details>
<p><!-- INCI – INGREDIENTES --></p>
<details style="margin-bottom: 15px;">
<summary><strong>INCI – INGREDIENTS</strong></summary>
<p>Olea Europaea Oil, Aqua, Cocos Nucifera Oil, Sodium Hydroxide, Butyrospermum Parkii Butter,<br />
Ricinus Communis Oil, Theobroma Cacao Powder, Mentha Piperita Oil, Mica (CI 77019),<br />
Titanium Dioxide (CI 77891), Iron Oxide Red (CI 77491), Limonene, Linalool.<br />
<em>Al·lèrgens presents de forma natural en els olis essencials.</em></p>
</details>

<p>Sabó natural de menta i cacau elaborat artesanalment a Mallorca mitjançant saponificació en fred, ofereix una experiència sensorial revitalitzant.</p>
