{"id":1055,"date":"2025-11-11T17:53:00","date_gmt":"2025-11-11T16:53:00","guid":{"rendered":"https:\/\/sarreldellevant.net\/producto\/sabo-de-lavanda-i-ylang-ylang\/"},"modified":"2025-11-11T17:53:00","modified_gmt":"2025-11-11T16:53:00","slug":"sabo-de-lavanda-i-ylang-ylang","status":"publish","type":"product","link":"https:\/\/sarreldellevant.net\/ca\/producto\/sabo-de-lavanda-i-ylang-ylang\/","title":{"rendered":"Sab\u00f3 de lavanda i Ylang Ylang"},"content":{"rendered":"<p>El sab\u00f3 natural de lavanda i Ylang Ylang est\u00e0 elaborat artesanalment a Mallorca mitjan\u00e7ant saponificaci\u00f3 en fred. La seva f\u00f3rmula suau, floral i profundament equilibrant \u00e9s perfecta per cuidar la pell i els sentits. Gr\u00e0cies als olis essencials de lavanda i Ylang Ylang, coneguts per les seves propietats calmants i arom\u00e0tiques, aquest sab\u00f3 t&#8217;envolta amb una aroma delicada mentre neteja i hidrata sense ressecar. Ideal per a l&#8217;\u00fas corporal diari i rituals de cura personal conscient.<\/p>\n<p><em>No es recomana per a infants menors de 3 anys, dones embarassades ni en per\u00edode de lact\u00e0ncia.<\/em><\/p>\n<p><strong>Ingredients clau i beneficis del sab\u00f3 natural:<\/strong><\/p>\n<ul>\n<li><strong>Oli essencial de lavanda (Lavandula Angustifolia Oil):<\/strong> calma la pell i ajuda a relaxar el sistema nervi\u00f3s.<\/li>\n<li><strong>Oli essencial de Ylang Ylang (Cananga Odorata Flower Oil):<\/strong> equilibra la producci\u00f3 de seu i aporta un toc floral ex\u00f2tic.<\/li>\n<li><strong>Olis i mantegues vegetals org\u00e0niques (oliva, coco, karit\u00e9, ric\u00ed):<\/strong> nutreixen, suavitzen i hidraten intensament la pell sense ressecar.<\/li>\n<li><strong>Pigments minerals i mica:<\/strong> aporten un color atractiu i natural sense ingredients sint\u00e8tics.<\/li>\n<\/ul>\n<p><strong>F\u00f3rmula natural i conscient:<\/strong><\/p>\n<ul>\n<li>100 % ingredients naturals i biodegradables.<\/li>\n<li>Sense sulfats, parabens ni colorants artificials.<\/li>\n<li>Veg\u00e0 i no testat en animals.<\/li>\n<li>Fet a m\u00e0 amb ingredients procedents d&#8217;agricultura ecol\u00f2gica.<\/li>\n<\/ul>\n<p><!-- C\u00d3MO USARLO --><\/p>\n<details>\n<summary><strong>COM USAR-LO<\/strong><\/summary>\n<p>Humiteja el sab\u00f3 i frega&#8217;l entre les mans o sobre una esponja.<br \/>\nMassatja sobre la pell humida amb moviments circulars.<br \/>\nEsbandeix el sab\u00f3 de la pell amb aigua t\u00e8bia.<br \/>\nConserva&#8217;l en un lloc sec entre usos (idealment en una sabonera amb drenatge o en una bossa de cot\u00f3).<\/p>\n<\/details>\n<p><!-- INCI \u2013 INGREDIENTES --><\/p>\n<details style=\"margin-bottom: 15px;\">\n<summary><strong>INCI \u2013 INGREDIENTS<\/strong><\/summary>\n<p>Olea Europaea Oil, Aqua, Cocos Nucifera Oil, Sodium Hydroxide, Butyrospermum Parkii Butter,<br \/>\nRicinus Communis Oil, Theobroma Cacao Seed Butter, Sodium Lactate, Sodium Chloride,<br \/>\nLavandula Angustifolia Oil, Cananga Odorata Flower Oil, Mica (CI 77019), Titanium Dioxide (CI 77891),<br \/>\nIron Oxide Red (CI 77491), Tin Oxide (CI 77861), Iron Oxide Black (CI 77499), Ultramarine (CI 77007),<br \/>\nManganese Violet (CI 77742), Linalool, Limonene, Geraniol, Benzyl Benzoate, Benzyl Salicylate.<br \/>\n<em>Al\u00b7l\u00e8rgens presents de forma natural en els olis essencials.<\/em><\/p>\n<\/details>\n","protected":false},"excerpt":{"rendered":"<p>El sab\u00f3 natural de lavanda i Ylang Ylang est\u00e0 elaborat artesanalment a Mallorca mitjan\u00e7ant saponificaci\u00f3 en fred. La seva f\u00f3rmula suau, floral i profundament equilibrant \u00e9s perfecta per cuidar la pell i els sentits.<\/p>\n","protected":false},"featured_media":289,"comment_status":"open","ping_status":"closed","template":"","meta":{"_et_pb_use_builder":"","_et_pb_old_content":"","_et_gb_content_width":"","om_disable_all_campaigns":false,"_monsterinsights_skip_tracking":false,"_monsterinsights_sitenote_active":false,"_monsterinsights_sitenote_note":"","_monsterinsights_sitenote_category":0,"_uf_show_specific_survey":0,"_uf_disable_surveys":false},"product_brand":[],"product_cat":[82],"product_tag":[85,84,83],"class_list":{"0":"post-1055","1":"product","2":"type-product","3":"status-publish","4":"has-post-thumbnail","6":"product_cat-cura-corporal","7":"product_tag-artesanal","8":"product_tag-producte-vega","9":"product_tag-tot-tipus-de-pells","11":"first","12":"instock","13":"taxable","14":"shipping-taxable","15":"purchasable","16":"product-type-simple"},"aioseo_notices":[],"jetpack_sharing_enabled":true,"_links":{"self":[{"href":"https:\/\/sarreldellevant.net\/ca\/wp-json\/wp\/v2\/product\/1055","targetHints":{"allow":["GET"]}}],"collection":[{"href":"https:\/\/sarreldellevant.net\/ca\/wp-json\/wp\/v2\/product"}],"about":[{"href":"https:\/\/sarreldellevant.net\/ca\/wp-json\/wp\/v2\/types\/product"}],"replies":[{"embeddable":true,"href":"https:\/\/sarreldellevant.net\/ca\/wp-json\/wp\/v2\/comments?post=1055"}],"wp:featuredmedia":[{"embeddable":true,"href":"https:\/\/sarreldellevant.net\/ca\/wp-json\/wp\/v2\/media\/289"}],"wp:attachment":[{"href":"https:\/\/sarreldellevant.net\/ca\/wp-json\/wp\/v2\/media?parent=1055"}],"wp:term":[{"taxonomy":"product_brand","embeddable":true,"href":"https:\/\/sarreldellevant.net\/ca\/wp-json\/wp\/v2\/product_brand?post=1055"},{"taxonomy":"product_cat","embeddable":true,"href":"https:\/\/sarreldellevant.net\/ca\/wp-json\/wp\/v2\/product_cat?post=1055"},{"taxonomy":"product_tag","embeddable":true,"href":"https:\/\/sarreldellevant.net\/ca\/wp-json\/wp\/v2\/product_tag?post=1055"}],"curies":[{"name":"wp","href":"https:\/\/api.w.org\/{rel}","templated":true}]}}

Sabó de lavanda i Ylang Ylang

<p>El sabó natural de lavanda i Ylang Ylang està elaborat artesanalment a Mallorca mitjançant saponificació en fred. La seva fórmula suau, floral i profundament equilibrant és perfecta per cuidar la pell i els sentits. Gràcies als olis essencials de lavanda i Ylang Ylang, coneguts per les seves propietats calmants i aromàtiques, aquest sabó t&#8217;envolta amb una aroma delicada mentre neteja i hidrata sense ressecar. Ideal per a l&#8217;ús corporal diari i rituals de cura personal conscient.</p>
<p><em>No es recomana per a infants menors de 3 anys, dones embarassades ni en període de lactància.</em></p>
<p><strong>Ingredients clau i beneficis del sabó natural:</strong></p>
<ul>
<li><strong>Oli essencial de lavanda (Lavandula Angustifolia Oil):</strong> calma la pell i ajuda a relaxar el sistema nerviós.</li>
<li><strong>Oli essencial de Ylang Ylang (Cananga Odorata Flower Oil):</strong> equilibra la producció de seu i aporta un toc floral exòtic.</li>
<li><strong>Olis i mantegues vegetals orgàniques (oliva, coco, karité, ricí):</strong> nutreixen, suavitzen i hidraten intensament la pell sense ressecar.</li>
<li><strong>Pigments minerals i mica:</strong> aporten un color atractiu i natural sense ingredients sintètics.</li>
</ul>
<p><strong>Fórmula natural i conscient:</strong></p>
<ul>
<li>100 % ingredients naturals i biodegradables.</li>
<li>Sense sulfats, parabens ni colorants artificials.</li>
<li>Vegà i no testat en animals.</li>
<li>Fet a mà amb ingredients procedents d&#8217;agricultura ecològica.</li>
</ul>
<p><!-- CÓMO USARLO --></p>
<details>
<summary><strong>COM USAR-LO</strong></summary>
<p>Humiteja el sabó i frega&#8217;l entre les mans o sobre una esponja.<br />
Massatja sobre la pell humida amb moviments circulars.<br />
Esbandeix el sabó de la pell amb aigua tèbia.<br />
Conserva&#8217;l en un lloc sec entre usos (idealment en una sabonera amb drenatge o en una bossa de cotó).</p>
</details>
<p><!-- INCI – INGREDIENTES --></p>
<details style="margin-bottom: 15px;">
<summary><strong>INCI – INGREDIENTS</strong></summary>
<p>Olea Europaea Oil, Aqua, Cocos Nucifera Oil, Sodium Hydroxide, Butyrospermum Parkii Butter,<br />
Ricinus Communis Oil, Theobroma Cacao Seed Butter, Sodium Lactate, Sodium Chloride,<br />
Lavandula Angustifolia Oil, Cananga Odorata Flower Oil, Mica (CI 77019), Titanium Dioxide (CI 77891),<br />
Iron Oxide Red (CI 77491), Tin Oxide (CI 77861), Iron Oxide Black (CI 77499), Ultramarine (CI 77007),<br />
Manganese Violet (CI 77742), Linalool, Limonene, Geraniol, Benzyl Benzoate, Benzyl Salicylate.<br />
<em>Al·lèrgens presents de forma natural en els olis essencials.</em></p>
</details>

<p>El sabó natural de lavanda i Ylang Ylang està elaborat artesanalment a Mallorca mitjançant saponificació en fred. La seva fórmula suau, floral i profundament equilibrant és perfecta per cuidar la pell i els sentits.</p>
