{"id":1059,"date":"2025-11-11T18:34:49","date_gmt":"2025-11-11T17:34:49","guid":{"rendered":"https:\/\/sarreldellevant.net\/producto\/sabo-de-mel-i-gingebre\/"},"modified":"2025-11-11T18:34:49","modified_gmt":"2025-11-11T17:34:49","slug":"sabo-de-mel-i-gingebre","status":"publish","type":"product","link":"https:\/\/sarreldellevant.net\/ca\/producto\/sabo-de-mel-i-gingebre\/","title":{"rendered":"Sab\u00f3 de mel i gingebre"},"content":{"rendered":"<p>Hidrataci\u00f3, nutrici\u00f3 i suavitat, apte per a tot tipus de pells. Est\u00e0 elaborat artesanalment a Mallorca mitjan\u00e7ant saponificaci\u00f3 en fred. El nostre sab\u00f3 natural de mel i gingebre \u00e9s una f\u00f3rmula natural pensada per mimar la teva pell. La barreja d&#8217;ingredients nutritius com la mel, el gingebre i la civada proporciona una neteja suau mentre hidrata, nodreix i deixa la pell visiblement m\u00e9s suau i lluminosa. Ideal per a l&#8217;\u00fas corporal diari, aquest sab\u00f3 \u00e9s perfecte per a pells que necessiten cures especials i una dosi extra de suavitat.    <\/p>\n<p><em>No recomanat per a nens menors de 3 anys, dones embarassades ni en per\u00edode de lact\u00e0ncia.<\/em><\/p>\n<p><strong>Ingredients clau i beneficis:<\/strong><\/p>\n<ul>\n<li><strong>Mel natural:<\/strong> propietats hidratants, antibacterianes i suavitzants. Nodreix la pell i ajuda a retenir la humitat. <\/li>\n<li><strong>Gingebre en pols (Zingiber Officinale):<\/strong> estimula la circulaci\u00f3, aporta energia i revitalitza la pell.<\/li>\n<li><strong>Farina de civada (Avena Sativa):<\/strong> exfolia suaument i calma les pells sensibles o seques.<\/li>\n<li><strong>Olis vegetals (oliva, coco, ric\u00ed) i mantega de karit\u00e9:<\/strong> hidrataci\u00f3 profunda, elasticitat i neteja sense ressecar.<\/li>\n<\/ul>\n<p><strong>F\u00f3rmula natural i conscient:<\/strong><\/p>\n<ul>\n<li>100% ingredients naturals i biodegradables.<\/li>\n<li>Sense sulfats, parabens ni colorants artificials.<\/li>\n<li>Veg\u00e0 i no testat en animals.<\/li>\n<li>Fet a m\u00e0 amb ingredients procedents d&#8217;agricultura ecol\u00f2gica.<\/li>\n<\/ul>\n<p><!-- C\u00d3MO USARLO --><\/p>\n<details>\n<summary><strong>COM UTILITZAR-LO<\/strong><\/summary>\n<p>\n  Humiteja el sab\u00f3 i frega&#8217;l entre les mans o sobre una esponja, massatgeja sobre la pell humida amb moviments circulars.<br \/>  Aclara el sab\u00f3 de la pell amb aigua t\u00e8bia.<br \/>  Conserva en un lloc sec entre usos (idealment en una sabonera amb drenatge o en una bossa de cot\u00f3).\n  <\/p>\n<\/details>\n<p><!-- INCI \u2013 INGREDIENTES --><\/p>\n<details style=\"margin-bottom: 15px;\">\n<summary><strong>INCI \u2013 INGREDIENTS<\/strong><\/summary>\n<p>\n  Olea Europaea Oil, Aqua, Cocos Nucifera Oil, Sodium Hydroxide, Butyrospermum Parkii Butter,<br \/>\n Ricinus Communis Oil, Zingiber Officinale Root Powder, Honey, Daucus Carota Sativa Root Powder.<br \/>    <em>*Components presents de forma natural en els ingredients.<\/em>\n  <\/p>\n<\/details>\n","protected":false},"excerpt":{"rendered":"<p>Sab\u00f3 suau i reconfortant de mel i gingebre, ideal per cuidar la teva pell amb el poder nutritiu de la natura.<\/p>\n","protected":false},"featured_media":1060,"comment_status":"open","ping_status":"closed","template":"","meta":{"_et_pb_use_builder":"","_et_pb_old_content":"","_et_gb_content_width":"","om_disable_all_campaigns":false,"_monsterinsights_skip_tracking":false,"_monsterinsights_sitenote_active":false,"_monsterinsights_sitenote_note":"","_monsterinsights_sitenote_category":0,"_uf_show_specific_survey":0,"_uf_disable_surveys":false},"product_brand":[],"product_cat":[82],"product_tag":[85,86,87],"class_list":{"0":"post-1059","1":"product","2":"type-product","3":"status-publish","4":"has-post-thumbnail","6":"product_cat-cura-corporal","7":"product_tag-artesanal","8":"product_tag-pell-sensible","9":"product_tag-sense-parabens","11":"first","12":"instock","13":"taxable","14":"shipping-taxable","15":"purchasable","16":"product-type-simple"},"aioseo_notices":[],"jetpack_sharing_enabled":true,"_links":{"self":[{"href":"https:\/\/sarreldellevant.net\/ca\/wp-json\/wp\/v2\/product\/1059","targetHints":{"allow":["GET"]}}],"collection":[{"href":"https:\/\/sarreldellevant.net\/ca\/wp-json\/wp\/v2\/product"}],"about":[{"href":"https:\/\/sarreldellevant.net\/ca\/wp-json\/wp\/v2\/types\/product"}],"replies":[{"embeddable":true,"href":"https:\/\/sarreldellevant.net\/ca\/wp-json\/wp\/v2\/comments?post=1059"}],"wp:featuredmedia":[{"embeddable":true,"href":"https:\/\/sarreldellevant.net\/ca\/wp-json\/wp\/v2\/media\/1060"}],"wp:attachment":[{"href":"https:\/\/sarreldellevant.net\/ca\/wp-json\/wp\/v2\/media?parent=1059"}],"wp:term":[{"taxonomy":"product_brand","embeddable":true,"href":"https:\/\/sarreldellevant.net\/ca\/wp-json\/wp\/v2\/product_brand?post=1059"},{"taxonomy":"product_cat","embeddable":true,"href":"https:\/\/sarreldellevant.net\/ca\/wp-json\/wp\/v2\/product_cat?post=1059"},{"taxonomy":"product_tag","embeddable":true,"href":"https:\/\/sarreldellevant.net\/ca\/wp-json\/wp\/v2\/product_tag?post=1059"}],"curies":[{"name":"wp","href":"https:\/\/api.w.org\/{rel}","templated":true}]}}

Sabó de mel i gingebre

<p>Hidratació, nutrició i suavitat, apte per a tot tipus de pells. Està elaborat artesanalment a Mallorca mitjançant saponificació en fred. El nostre sabó natural de mel i gingebre és una fórmula natural pensada per mimar la teva pell. La barreja d&#8217;ingredients nutritius com la mel, el gingebre i la civada proporciona una neteja suau mentre hidrata, nodreix i deixa la pell visiblement més suau i lluminosa. Ideal per a l&#8217;ús corporal diari, aquest sabó és perfecte per a pells que necessiten cures especials i una dosi extra de suavitat.    </p>
<p><em>No recomanat per a nens menors de 3 anys, dones embarassades ni en període de lactància.</em></p>
<p><strong>Ingredients clau i beneficis:</strong></p>
<ul>
<li><strong>Mel natural:</strong> propietats hidratants, antibacterianes i suavitzants. Nodreix la pell i ajuda a retenir la humitat. </li>
<li><strong>Gingebre en pols (Zingiber Officinale):</strong> estimula la circulació, aporta energia i revitalitza la pell.</li>
<li><strong>Farina de civada (Avena Sativa):</strong> exfolia suaument i calma les pells sensibles o seques.</li>
<li><strong>Olis vegetals (oliva, coco, ricí) i mantega de karité:</strong> hidratació profunda, elasticitat i neteja sense ressecar.</li>
</ul>
<p><strong>Fórmula natural i conscient:</strong></p>
<ul>
<li>100% ingredients naturals i biodegradables.</li>
<li>Sense sulfats, parabens ni colorants artificials.</li>
<li>Vegà i no testat en animals.</li>
<li>Fet a mà amb ingredients procedents d&#8217;agricultura ecològica.</li>
</ul>
<p><!-- CÓMO USARLO --></p>
<details>
<summary><strong>COM UTILITZAR-LO</strong></summary>
<p>
  Humiteja el sabó i frega&#8217;l entre les mans o sobre una esponja, massatgeja sobre la pell humida amb moviments circulars.<br />  Aclara el sabó de la pell amb aigua tèbia.<br />  Conserva en un lloc sec entre usos (idealment en una sabonera amb drenatge o en una bossa de cotó).
  </p>
</details>
<p><!-- INCI – INGREDIENTES --></p>
<details style="margin-bottom: 15px;">
<summary><strong>INCI – INGREDIENTS</strong></summary>
<p>
  Olea Europaea Oil, Aqua, Cocos Nucifera Oil, Sodium Hydroxide, Butyrospermum Parkii Butter,<br />
 Ricinus Communis Oil, Zingiber Officinale Root Powder, Honey, Daucus Carota Sativa Root Powder.<br />    <em>*Components presents de forma natural en els ingredients.</em>
  </p>
</details>

<p>Sabó suau i reconfortant de mel i gingebre, ideal per cuidar la teva pell amb el poder nutritiu de la natura.</p>
