{"id":1063,"date":"2025-11-11T19:25:47","date_gmt":"2025-11-11T18:25:47","guid":{"rendered":"https:\/\/sarreldellevant.net\/producto\/xampu-solid-ayurvedic-oliban-indi\/"},"modified":"2025-11-11T19:25:47","modified_gmt":"2025-11-11T18:25:47","slug":"xampu-solid-ayurvedic-oliban-indi","status":"publish","type":"product","link":"https:\/\/sarreldellevant.net\/ca\/producto\/xampu-solid-ayurvedic-oliban-indi\/","title":{"rendered":"Xamp\u00fa s\u00f2lid Ayurv\u00e8dic Ol\u00edban Indi"},"content":{"rendered":"<p><strong>Xamp\u00fa s\u00f2lid ayurv\u00e8dic Ol\u00edban Indi:<\/strong> nodreix, enforteix i revitalitza des de l&#8217;arrel. Un aut\u00e8ntic ritual ayurv\u00e8dic per al teu cabell. <\/p>\n<p>Inspirat en la saviesa mil\u00b7len\u00e0ria de l&#8217;Ayurveda, Ol\u00edban Indi combina el poder de plantes medicinals com manjistha, amla i shikakai, juntament amb el toc arom\u00e0tic de l&#8217;encens, per oferir una neteja suau, purificant i profundament reparadora. Enforteix des de l&#8217;arrel, estimula el creixement saludable i equilibra el cuir cabellut, deixant els teus cabells brillants, amb moviment i plens de vida. Ideal per a tot tipus de cabells, especialment per als que busquen un enfocament hol\u00edstic i conscient per a la cura capil\u00b7lar.  <\/p>\n<p><strong>Beneficis:<\/strong><\/p>\n<ul>\n<li>D\u00f3na for\u00e7a al fol\u00b7licle capil\u00b7lar des de l&#8217;arrel.<\/li>\n<li>Estimula el creixement del cabell.<\/li>\n<li>Equilibra i purifica el cuir cabellut.<\/li>\n<li>Aroma herbal i relaxant.<\/li>\n<li>Apte per al seu \u00fas freq\u00fcent.<\/li>\n<\/ul>\n<p><strong>Ingredients estrella:<\/strong><\/p>\n<ul>\n<li><strong>Manjistha (Rubia cordifolia):<\/strong> Purifica, calma i equilibra el cuir cabellut.<\/li>\n<li><strong>Shikakai:<\/strong> Neteja suaument, aporta cos i fortalesa.<\/li>\n<li><strong>Amla:<\/strong> Rica en vitamina C, enforteix, revitalitza i ajuda a prevenir la caiguda.<\/li>\n<li><strong>Oli essencial d&#8217;encens:<\/strong> Calma, regenera i aporta una experi\u00e8ncia arom\u00e0tica espiritual.<\/li>\n<\/ul>\n<p><!-- C\u00d3MO USARLO --><\/p>\n<details>\n<summary><strong>COM USAR-LO<\/strong><\/summary>\n<p>Mulla b\u00e9 el cabell, frega el xamp\u00fa s\u00f2lid directament sobre el cuir cabellut o entre les mans, massatja amb moviments suaus i conscients.<br \/>Esbandeix amb aigua t\u00e8bia, repeteix si ho desitges i aplica condicionador si ho necessites.<\/p>\n<\/details>\n<p><!-- INCI \u2013 INGREDIENTES --><\/p>\n<details style=\"margin-bottom: 15px\">\n<summary><strong>INCI \u2013 INGREDIENTS<\/strong><\/summary>\n<p>Sodium Cocoyl Isethionate, Sodium Lauryl Sulfoacetate, Rubia Cordifolia Root Powder, Aqua, Yogurt Powder, Cetearyl Alcohol, Glycerin*, Emblica Officinalis Fruit Powder, Sesamum Indicum Oil*, Acacia Concinna Fruit Powder, Behentrimonium Methosulfate, Helianthus Annuus Seed Oil, Boswellia Carterii Gum Oil, Panthenol, Emblica Officinalis Fruit Extract, Sodium Lactate, Hydrolyzed Silk, Limonene**, Linalool**, Citric Acid.<br \/>* Ingredient ecol\u00f2gic certificat.<br \/>** Presents de forma natural en olis essencials.<\/p>\n<p><em>Cont\u00e9 sulfats suaus derivats del coco.<\/em><\/p>\n<\/details>\n<p><!-- ADVERTENCIAS --><\/p>\n<details>\n<summary><strong>ADVERT\u00c8NCIES<\/strong><\/summary>\n<ul>\n<li>Nom\u00e9s \u00fas extern.<\/li>\n<li>Evita el contacte amb els ulls.<\/li>\n<li>No recomanat per a menors de 3 anys, embarassades o lactants sense assessorament professional.<\/li>\n<li>Realitzar una prova de sensibilitat en cas de cuir cabellut reactiu.<\/li>\n<\/ul>\n<\/details>\n","protected":false},"excerpt":{"rendered":"<p>Equilibra la teva energia, enforteix els teus cabells. Xamp\u00fa s\u00f2lid ayurv\u00e8dic Ol\u00edban Indi: nodreix, enforteix i revitalitza des de l&#8217;arrel. Un aut\u00e8ntic ritual ayurv\u00e8dic per als teus cabells.  <\/p>\n","protected":false},"featured_media":1065,"comment_status":"open","ping_status":"closed","template":"","meta":{"_et_pb_use_builder":"","_et_pb_old_content":"","_et_gb_content_width":"","om_disable_all_campaigns":false,"_monsterinsights_skip_tracking":false,"_monsterinsights_sitenote_active":false,"_monsterinsights_sitenote_note":"","_monsterinsights_sitenote_category":0,"_uf_show_specific_survey":0,"_uf_disable_surveys":false},"product_brand":[],"product_cat":[88],"product_tag":[85,84,87,83],"class_list":{"0":"post-1063","1":"product","2":"type-product","3":"status-publish","4":"has-post-thumbnail","6":"product_cat-cura-capillar","7":"product_tag-artesanal","8":"product_tag-producte-vega","9":"product_tag-sense-parabens","10":"product_tag-tot-tipus-de-pells","12":"first","13":"instock","14":"taxable","15":"shipping-taxable","16":"purchasable","17":"product-type-simple"},"aioseo_notices":[],"jetpack_sharing_enabled":true,"_links":{"self":[{"href":"https:\/\/sarreldellevant.net\/ca\/wp-json\/wp\/v2\/product\/1063","targetHints":{"allow":["GET"]}}],"collection":[{"href":"https:\/\/sarreldellevant.net\/ca\/wp-json\/wp\/v2\/product"}],"about":[{"href":"https:\/\/sarreldellevant.net\/ca\/wp-json\/wp\/v2\/types\/product"}],"replies":[{"embeddable":true,"href":"https:\/\/sarreldellevant.net\/ca\/wp-json\/wp\/v2\/comments?post=1063"}],"wp:featuredmedia":[{"embeddable":true,"href":"https:\/\/sarreldellevant.net\/ca\/wp-json\/wp\/v2\/media\/1065"}],"wp:attachment":[{"href":"https:\/\/sarreldellevant.net\/ca\/wp-json\/wp\/v2\/media?parent=1063"}],"wp:term":[{"taxonomy":"product_brand","embeddable":true,"href":"https:\/\/sarreldellevant.net\/ca\/wp-json\/wp\/v2\/product_brand?post=1063"},{"taxonomy":"product_cat","embeddable":true,"href":"https:\/\/sarreldellevant.net\/ca\/wp-json\/wp\/v2\/product_cat?post=1063"},{"taxonomy":"product_tag","embeddable":true,"href":"https:\/\/sarreldellevant.net\/ca\/wp-json\/wp\/v2\/product_tag?post=1063"}],"curies":[{"name":"wp","href":"https:\/\/api.w.org\/{rel}","templated":true}]}}

Xampú sòlid Ayurvèdic Olíban Indi

<p><strong>Xampú sòlid ayurvèdic Olíban Indi:</strong> nodreix, enforteix i revitalitza des de l&#8217;arrel. Un autèntic ritual ayurvèdic per al teu cabell. </p>
<p>Inspirat en la saviesa mil·lenària de l&#8217;Ayurveda, Olíban Indi combina el poder de plantes medicinals com manjistha, amla i shikakai, juntament amb el toc aromàtic de l&#8217;encens, per oferir una neteja suau, purificant i profundament reparadora. Enforteix des de l&#8217;arrel, estimula el creixement saludable i equilibra el cuir cabellut, deixant els teus cabells brillants, amb moviment i plens de vida. Ideal per a tot tipus de cabells, especialment per als que busquen un enfocament holístic i conscient per a la cura capil·lar.  </p>
<p><strong>Beneficis:</strong></p>
<ul>
<li>Dóna força al fol·licle capil·lar des de l&#8217;arrel.</li>
<li>Estimula el creixement del cabell.</li>
<li>Equilibra i purifica el cuir cabellut.</li>
<li>Aroma herbal i relaxant.</li>
<li>Apte per al seu ús freqüent.</li>
</ul>
<p><strong>Ingredients estrella:</strong></p>
<ul>
<li><strong>Manjistha (Rubia cordifolia):</strong> Purifica, calma i equilibra el cuir cabellut.</li>
<li><strong>Shikakai:</strong> Neteja suaument, aporta cos i fortalesa.</li>
<li><strong>Amla:</strong> Rica en vitamina C, enforteix, revitalitza i ajuda a prevenir la caiguda.</li>
<li><strong>Oli essencial d&#8217;encens:</strong> Calma, regenera i aporta una experiència aromàtica espiritual.</li>
</ul>
<p><!-- CÓMO USARLO --></p>
<details>
<summary><strong>COM USAR-LO</strong></summary>
<p>Mulla bé el cabell, frega el xampú sòlid directament sobre el cuir cabellut o entre les mans, massatja amb moviments suaus i conscients.<br />Esbandeix amb aigua tèbia, repeteix si ho desitges i aplica condicionador si ho necessites.</p>
</details>
<p><!-- INCI – INGREDIENTES --></p>
<details style="margin-bottom: 15px">
<summary><strong>INCI – INGREDIENTS</strong></summary>
<p>Sodium Cocoyl Isethionate, Sodium Lauryl Sulfoacetate, Rubia Cordifolia Root Powder, Aqua, Yogurt Powder, Cetearyl Alcohol, Glycerin*, Emblica Officinalis Fruit Powder, Sesamum Indicum Oil*, Acacia Concinna Fruit Powder, Behentrimonium Methosulfate, Helianthus Annuus Seed Oil, Boswellia Carterii Gum Oil, Panthenol, Emblica Officinalis Fruit Extract, Sodium Lactate, Hydrolyzed Silk, Limonene**, Linalool**, Citric Acid.<br />* Ingredient ecològic certificat.<br />** Presents de forma natural en olis essencials.</p>
<p><em>Conté sulfats suaus derivats del coco.</em></p>
</details>
<p><!-- ADVERTENCIAS --></p>
<details>
<summary><strong>ADVERTÈNCIES</strong></summary>
<ul>
<li>Només ús extern.</li>
<li>Evita el contacte amb els ulls.</li>
<li>No recomanat per a menors de 3 anys, embarassades o lactants sense assessorament professional.</li>
<li>Realitzar una prova de sensibilitat en cas de cuir cabellut reactiu.</li>
</ul>
</details>

<p>Equilibra la teva energia, enforteix els teus cabells. Xampú sòlid ayurvèdic Olíban Indi: nodreix, enforteix i revitalitza des de l&#8217;arrel. Un autèntic ritual ayurvèdic per als teus cabells.  </p>
