{"id":1073,"date":"2025-11-21T11:47:54","date_gmt":"2025-11-21T10:47:54","guid":{"rendered":"https:\/\/sarreldellevant.net\/producto\/sabo-mediterrani\/"},"modified":"2025-11-21T11:47:54","modified_gmt":"2025-11-21T10:47:54","slug":"sabo-mediterrani","status":"publish","type":"product","link":"https:\/\/sarreldellevant.net\/ca\/producto\/sabo-mediterrani\/","title":{"rendered":"Sab\u00f3 mediterrani"},"content":{"rendered":"<p><strong>Sab\u00f3 hidratant i exfoliant elaborat amb aigua de mar.<\/strong> Inspirat en la frescor del mar i l&#8217;ess\u00e8ncia de la costa, el nostre <strong data-start=\"442\" data-end=\"464\">Sab\u00f3 Mediterrani<\/strong> est\u00e0 elaborat artesanalment a Mallorca mitjan\u00e7ant saponificaci\u00f3 en fred, amb ingredients 100% naturals i aigua de mar com a base. Neteja profundament, exfolia suaument i deixa la pell hidratada, revitalitzada i lluminosa. Una experi\u00e8ncia de cura corporal que evoca la brisa marina i el benestar del Mediterrani en cada \u00fas.  <\/p>\n<p>Un sab\u00f3 amb \u00e0nima mediterr\u00e0nia, perfecte per renovar, nodrir i perfumar suaument la teva pell cada dia.<\/p>\n<p><em data-start=\"800\" data-end=\"880\">Apte per a tot tipus de pells. No recomanat per a nens menors de 3 anys, dones embarassades ni lactants.<\/em><\/p>\n<p><strong>Ingredients clau i beneficis:<\/strong><\/p>\n<ul>\n<li><b>Aigua de mar: Rica en minerals, purifica, revitalitza i estimula la pell. <\/b><\/li>\n<li><strong>Oli d&#8217;oliva, coco i ric\u00ed:<\/strong> Proporcionen una neteja suau sense ressecar, nodreixen i protegeixen la pell.<\/li>\n<li><strong>Mantega de cacau i oli de ra\u00efm:<\/strong> Hidrataci\u00f3 profunda, antioxidants naturals i elasticitat.<\/li>\n<li><strong>Olis essencials de lavanda, taronja dol\u00e7a i eucaliptus:<\/strong> Aporten un aroma fresc i harmonitzant amb propietats calmants i purificants.<\/li>\n<li><strong>Cera de candelilla:<\/strong> Millora la textura del sab\u00f3 i aporta una sensaci\u00f3 sedosa sobre la pell.<\/li>\n<\/ul>\n<p><strong>F\u00f3rmula natural i conscient:<\/strong><\/p>\n<ul>\n<li>100% ingredients naturals i biodegradables.<\/li>\n<li>Sense sulfats, parabens ni colorants artificials.<\/li>\n<li>Veg\u00e0 i no testat en animals.<\/li>\n<li>Fet a m\u00e0 amb ingredients procedents d&#8217;agricultura ecol\u00f2gica.<\/li>\n<\/ul>\n<p><!-- C\u00d3MO USARLO --><\/p>\n<details>\n<summary><strong>COM USAR-LO<\/strong><\/summary>\n<p>Humiteja el sab\u00f3 i frega&#8217;l entre les mans o sobre una esponja, massatja sobre la pell humida amb moviments circulars.<br \/>\nAclara el sab\u00f3 de la pell amb aigua t\u00e8bia.<br \/>\nConserva en un lloc sec entre usos (idealment en una sabonera amb drenatge o en una bossa de cot\u00f3).<\/p>\n<\/details>\n<p><!-- INCI \u2013 INGREDIENTES --><\/p>\n<details style=\"margin-bottom: 15px;\">\n<summary><strong>INCI \u2013 INGREDIENTS<\/strong><\/summary>\n<p><em data-start=\"2075\" data-end=\"2467\">Olea Europaea Oil*, Aqua, Cocos Nucifera Oil*, Theobroma Cacao Seed Butter*, Sodium Hydroxide, Ricinus Communis Oil, Vitis Vinifera Seed Oil*, Candelilla Cera, Lavandula Angustifolia Oil*, Citrus Sinensis Peel Oil, Eucalyptus Globulus Oil, Sodium Lactate, Sodium Chloride, Limonene**, Linalool**, Geraniol**, Citral**, CI 77891, CI 77019, CI 77499, CI 77510, CI 77077, CI 77742<\/em><br data-start=\"2467\" data-end=\"2470\">*Ingredients procedents d&#8217;agricultura ecol\u00f2gica<br data-start=\"2521\" data-end=\"2524\">**Components presents de forma natural en els olis essencials<\/p>\n<\/details>\n","protected":false},"excerpt":{"rendered":"<p>Sab\u00f3 hidratant i exfoliant elaborat amb aigua de mar. Inspirat en la frescor del mar i l&#8217;ess\u00e8ncia de la costa, est\u00e0 elaborat artesanalment a Mallorca. <\/p>\n","protected":false},"featured_media":1074,"comment_status":"open","ping_status":"closed","template":"","meta":{"_et_pb_use_builder":"","_et_pb_old_content":"","_et_gb_content_width":"","om_disable_all_campaigns":false,"_monsterinsights_skip_tracking":false,"_monsterinsights_sitenote_active":false,"_monsterinsights_sitenote_note":"","_monsterinsights_sitenote_category":0,"_uf_show_specific_survey":0,"_uf_disable_surveys":false},"product_brand":[],"product_cat":[82],"product_tag":[85,86,87,83],"class_list":{"0":"post-1073","1":"product","2":"type-product","3":"status-publish","4":"has-post-thumbnail","6":"product_cat-cura-corporal","7":"product_tag-artesanal","8":"product_tag-pell-sensible","9":"product_tag-sense-parabens","10":"product_tag-tot-tipus-de-pells","12":"first","13":"instock","14":"taxable","15":"shipping-taxable","16":"purchasable","17":"product-type-simple"},"aioseo_notices":[],"jetpack_sharing_enabled":true,"_links":{"self":[{"href":"https:\/\/sarreldellevant.net\/ca\/wp-json\/wp\/v2\/product\/1073","targetHints":{"allow":["GET"]}}],"collection":[{"href":"https:\/\/sarreldellevant.net\/ca\/wp-json\/wp\/v2\/product"}],"about":[{"href":"https:\/\/sarreldellevant.net\/ca\/wp-json\/wp\/v2\/types\/product"}],"replies":[{"embeddable":true,"href":"https:\/\/sarreldellevant.net\/ca\/wp-json\/wp\/v2\/comments?post=1073"}],"wp:featuredmedia":[{"embeddable":true,"href":"https:\/\/sarreldellevant.net\/ca\/wp-json\/wp\/v2\/media\/1074"}],"wp:attachment":[{"href":"https:\/\/sarreldellevant.net\/ca\/wp-json\/wp\/v2\/media?parent=1073"}],"wp:term":[{"taxonomy":"product_brand","embeddable":true,"href":"https:\/\/sarreldellevant.net\/ca\/wp-json\/wp\/v2\/product_brand?post=1073"},{"taxonomy":"product_cat","embeddable":true,"href":"https:\/\/sarreldellevant.net\/ca\/wp-json\/wp\/v2\/product_cat?post=1073"},{"taxonomy":"product_tag","embeddable":true,"href":"https:\/\/sarreldellevant.net\/ca\/wp-json\/wp\/v2\/product_tag?post=1073"}],"curies":[{"name":"wp","href":"https:\/\/api.w.org\/{rel}","templated":true}]}}

Sabó mediterrani

<p><strong>Sabó hidratant i exfoliant elaborat amb aigua de mar.</strong> Inspirat en la frescor del mar i l&#8217;essència de la costa, el nostre <strong data-start="442" data-end="464">Sabó Mediterrani</strong> està elaborat artesanalment a Mallorca mitjançant saponificació en fred, amb ingredients 100% naturals i aigua de mar com a base. Neteja profundament, exfolia suaument i deixa la pell hidratada, revitalitzada i lluminosa. Una experiència de cura corporal que evoca la brisa marina i el benestar del Mediterrani en cada ús.  </p>
<p>Un sabó amb ànima mediterrània, perfecte per renovar, nodrir i perfumar suaument la teva pell cada dia.</p>
<p><em data-start="800" data-end="880">Apte per a tot tipus de pells. No recomanat per a nens menors de 3 anys, dones embarassades ni lactants.</em></p>
<p><strong>Ingredients clau i beneficis:</strong></p>
<ul>
<li><b>Aigua de mar: Rica en minerals, purifica, revitalitza i estimula la pell. </b></li>
<li><strong>Oli d&#8217;oliva, coco i ricí:</strong> Proporcionen una neteja suau sense ressecar, nodreixen i protegeixen la pell.</li>
<li><strong>Mantega de cacau i oli de raïm:</strong> Hidratació profunda, antioxidants naturals i elasticitat.</li>
<li><strong>Olis essencials de lavanda, taronja dolça i eucaliptus:</strong> Aporten un aroma fresc i harmonitzant amb propietats calmants i purificants.</li>
<li><strong>Cera de candelilla:</strong> Millora la textura del sabó i aporta una sensació sedosa sobre la pell.</li>
</ul>
<p><strong>Fórmula natural i conscient:</strong></p>
<ul>
<li>100% ingredients naturals i biodegradables.</li>
<li>Sense sulfats, parabens ni colorants artificials.</li>
<li>Vegà i no testat en animals.</li>
<li>Fet a mà amb ingredients procedents d&#8217;agricultura ecològica.</li>
</ul>
<p><!-- CÓMO USARLO --></p>
<details>
<summary><strong>COM USAR-LO</strong></summary>
<p>Humiteja el sabó i frega&#8217;l entre les mans o sobre una esponja, massatja sobre la pell humida amb moviments circulars.<br />
Aclara el sabó de la pell amb aigua tèbia.<br />
Conserva en un lloc sec entre usos (idealment en una sabonera amb drenatge o en una bossa de cotó).</p>
</details>
<p><!-- INCI – INGREDIENTES --></p>
<details style="margin-bottom: 15px;">
<summary><strong>INCI – INGREDIENTS</strong></summary>
<p><em data-start="2075" data-end="2467">Olea Europaea Oil*, Aqua, Cocos Nucifera Oil*, Theobroma Cacao Seed Butter*, Sodium Hydroxide, Ricinus Communis Oil, Vitis Vinifera Seed Oil*, Candelilla Cera, Lavandula Angustifolia Oil*, Citrus Sinensis Peel Oil, Eucalyptus Globulus Oil, Sodium Lactate, Sodium Chloride, Limonene**, Linalool**, Geraniol**, Citral**, CI 77891, CI 77019, CI 77499, CI 77510, CI 77077, CI 77742</em><br data-start="2467" data-end="2470">*Ingredients procedents d&#8217;agricultura ecològica<br data-start="2521" data-end="2524">**Components presents de forma natural en els olis essencials</p>
</details>

<p>Sabó hidratant i exfoliant elaborat amb aigua de mar. Inspirat en la frescor del mar i l&#8217;essència de la costa, està elaborat artesanalment a Mallorca. </p>
