{"id":1126,"date":"2025-11-21T12:22:24","date_gmt":"2025-11-21T11:22:24","guid":{"rendered":"https:\/\/sarreldellevant.net\/producto\/sabo-de-rosa-mosqueta\/"},"modified":"2025-11-21T12:22:24","modified_gmt":"2025-11-21T11:22:24","slug":"sabo-de-rosa-mosqueta","status":"publish","type":"product","link":"https:\/\/sarreldellevant.net\/ca\/producto\/sabo-de-rosa-mosqueta\/","title":{"rendered":"Sab\u00f3 de rosa mosqueta"},"content":{"rendered":"<p class=\"\" data-start=\"555\" data-end=\"801\"><strong>Sab\u00f3 de rosa mosqueta<\/strong>, un sab\u00f3 floral i regenerador, ideal per cuidar la teva pell de forma conscient i retornar-li suavitat, frescor i vitalitat. Apte per a tot tipus de pells, especialment per a pells madures o seques. <\/p>\n<p class=\"\" data-start=\"398\" data-end=\"732\">Elaborat artesanalment a Mallorca mitjan\u00e7ant el proc\u00e9s de saponificaci\u00f3 en fred, el nostre <strong data-start=\"490\" data-end=\"516\">Sab\u00f3 de Rosa Mosqueta<\/strong> \u00e9s un aut\u00e8ntic tractament natural per a la pell. La seva f\u00f3rmula combina el poder regenerador de la rosa mosqueta amb les propietats equilibrants de la s\u00e0lvia, oferint una neteja suau, nutritiva i revitalitzant. <\/p>\n<p class=\"\" data-start=\"734\" data-end=\"864\">Ideal per a pells madures, deshidratades o amb tend\u00e8ncia a irritar-se, deixa la pell suau, lluminosa i amb un delicat aroma floral.<\/p>\n<blockquote data-start=\"866\" data-end=\"981\">\n<p class=\"\" data-start=\"868\" data-end=\"981\"><em data-start=\"868\" data-end=\"981\">Aquest producte no est\u00e0 recomanat per a nens menors de 3 anys, dones embarassades ni en per\u00edode de lact\u00e0ncia.<\/em><\/p>\n<\/blockquote>\n<p><strong>Ingredients clau i beneficis:<\/strong><\/p>\n<ul>\n<li><strong data-start=\"1030\" data-end=\"1047\">Rosa Mosqueta<\/strong> (<em data-start=\"1049\" data-end=\"1062\">Rosa Canina<\/em>): Rica en antioxidants, \u00e0cids grassos i vitamina A. Estimula la regeneraci\u00f3 cel\u00b7lular, millora l&#8217;elasticitat i ajuda a reduir marques i l\u00ednies fines.<\/li>\n<li><strong data-start=\"1217\" data-end=\"1236\">S\u00e0lvia esclarea<\/strong> (<em data-start=\"1238\" data-end=\"1254\">Salvia Sclarea<\/em>): Equilibra i calma la pell, aportant una sensaci\u00f3 relaxant i arom\u00e0tica.<\/li>\n<li><strong data-start=\"1335\" data-end=\"1383\">Mantega de karit\u00e9, cacau i olis vegetals<\/strong>: Nodreixen profundament, restaurant la suavitat i protecci\u00f3 natural de la pell.<\/li>\n<\/ul>\n<p><strong>F\u00f3rmula natural i conscient:<\/strong><\/p>\n<ul>\n<li>100% ingredients naturals i biodegradables.<\/li>\n<li>Sense sulfats, parabens ni colorants artificials.<\/li>\n<li>Veg\u00e0 i no testat en animals.<\/li>\n<li>Fet a m\u00e0 amb ingredients procedents d&#8217;agricultura ecol\u00f2gica.<\/li>\n<\/ul>\n<p><!-- C\u00d3MO USARLO --><\/p>\n<details>\n<summary><strong>COM UTILITZAR-LO<\/strong><\/summary>\n<p>Humiteja el sab\u00f3 i frega&#8217;l entre les mans o sobre una esponja, massatgeu sobre la pell humida amb moviments circulars.<br \/>\nAclareix el sab\u00f3 de la pell amb aigua t\u00e8bia.<br \/>\nConserva en un lloc sec entre usos (idealment en una sabonera amb drenatge o en una bossa de cot\u00f3).<\/p>\n<\/details>\n<p><!-- INCI \u2013 INGREDIENTES --><\/p>\n<details style=\"margin-bottom: 15px;\">\n<summary><strong>INCI \u2013 INGREDIENTS<\/strong><\/summary>\n<p><em data-start=\"2076\" data-end=\"2402\">Olea Europaea Oil, Aqua, Cocos Nucifera Oil, Sodium Hydroxide, Butyrospermum Parkii Butter, Ricinus Communis Oil, Theobroma Cacao Seed Butter, Sodium Lactate, Sodium Chloride, Salvia Sclarea Leaf Oil, Rosa Canina Fruit Powder, Rosa Centifolia Flower Powder, Mica (CI 77019), Iron Oxide Red (CI 77491), Linalool*, Limonene*<\/em><br data-start=\"2402\" data-end=\"2405\">*Al\u00b7l\u00e8rgens presents de forma natural en els olis essencials.<\/p>\n<\/details>\n","protected":false},"excerpt":{"rendered":"<p>Sab\u00f3 de rosa mosqueta, un sab\u00f3 floral i regenerador, ideal per cuidar la teva pell de forma conscient i retornar-li suavitat, frescor i vitalitat.<\/p>\n","protected":false},"featured_media":1120,"comment_status":"open","ping_status":"closed","template":"","meta":{"_et_pb_use_builder":"","_et_pb_old_content":"","_et_gb_content_width":"","om_disable_all_campaigns":false,"_monsterinsights_skip_tracking":false,"_monsterinsights_sitenote_active":false,"_monsterinsights_sitenote_note":"","_monsterinsights_sitenote_category":0,"_uf_show_specific_survey":0,"_uf_disable_surveys":false},"product_brand":[],"product_cat":[82],"product_tag":[85,86,87,83],"class_list":{"0":"post-1126","1":"product","2":"type-product","3":"status-publish","4":"has-post-thumbnail","6":"product_cat-cura-corporal","7":"product_tag-artesanal","8":"product_tag-pell-sensible","9":"product_tag-sense-parabens","10":"product_tag-tot-tipus-de-pells","12":"first","13":"instock","14":"taxable","15":"shipping-taxable","16":"purchasable","17":"product-type-simple"},"aioseo_notices":[],"jetpack_sharing_enabled":true,"_links":{"self":[{"href":"https:\/\/sarreldellevant.net\/ca\/wp-json\/wp\/v2\/product\/1126","targetHints":{"allow":["GET"]}}],"collection":[{"href":"https:\/\/sarreldellevant.net\/ca\/wp-json\/wp\/v2\/product"}],"about":[{"href":"https:\/\/sarreldellevant.net\/ca\/wp-json\/wp\/v2\/types\/product"}],"replies":[{"embeddable":true,"href":"https:\/\/sarreldellevant.net\/ca\/wp-json\/wp\/v2\/comments?post=1126"}],"wp:featuredmedia":[{"embeddable":true,"href":"https:\/\/sarreldellevant.net\/ca\/wp-json\/wp\/v2\/media\/1120"}],"wp:attachment":[{"href":"https:\/\/sarreldellevant.net\/ca\/wp-json\/wp\/v2\/media?parent=1126"}],"wp:term":[{"taxonomy":"product_brand","embeddable":true,"href":"https:\/\/sarreldellevant.net\/ca\/wp-json\/wp\/v2\/product_brand?post=1126"},{"taxonomy":"product_cat","embeddable":true,"href":"https:\/\/sarreldellevant.net\/ca\/wp-json\/wp\/v2\/product_cat?post=1126"},{"taxonomy":"product_tag","embeddable":true,"href":"https:\/\/sarreldellevant.net\/ca\/wp-json\/wp\/v2\/product_tag?post=1126"}],"curies":[{"name":"wp","href":"https:\/\/api.w.org\/{rel}","templated":true}]}}

Sabó de rosa mosqueta

<p class="" data-start="555" data-end="801"><strong>Sabó de rosa mosqueta</strong>, un sabó floral i regenerador, ideal per cuidar la teva pell de forma conscient i retornar-li suavitat, frescor i vitalitat. Apte per a tot tipus de pells, especialment per a pells madures o seques. </p>
<p class="" data-start="398" data-end="732">Elaborat artesanalment a Mallorca mitjançant el procés de saponificació en fred, el nostre <strong data-start="490" data-end="516">Sabó de Rosa Mosqueta</strong> és un autèntic tractament natural per a la pell. La seva fórmula combina el poder regenerador de la rosa mosqueta amb les propietats equilibrants de la sàlvia, oferint una neteja suau, nutritiva i revitalitzant. </p>
<p class="" data-start="734" data-end="864">Ideal per a pells madures, deshidratades o amb tendència a irritar-se, deixa la pell suau, lluminosa i amb un delicat aroma floral.</p>
<blockquote data-start="866" data-end="981">
<p class="" data-start="868" data-end="981"><em data-start="868" data-end="981">Aquest producte no està recomanat per a nens menors de 3 anys, dones embarassades ni en període de lactància.</em></p>
</blockquote>
<p><strong>Ingredients clau i beneficis:</strong></p>
<ul>
<li><strong data-start="1030" data-end="1047">Rosa Mosqueta</strong> (<em data-start="1049" data-end="1062">Rosa Canina</em>): Rica en antioxidants, àcids grassos i vitamina A. Estimula la regeneració cel·lular, millora l&#8217;elasticitat i ajuda a reduir marques i línies fines.</li>
<li><strong data-start="1217" data-end="1236">Sàlvia esclarea</strong> (<em data-start="1238" data-end="1254">Salvia Sclarea</em>): Equilibra i calma la pell, aportant una sensació relaxant i aromàtica.</li>
<li><strong data-start="1335" data-end="1383">Mantega de karité, cacau i olis vegetals</strong>: Nodreixen profundament, restaurant la suavitat i protecció natural de la pell.</li>
</ul>
<p><strong>Fórmula natural i conscient:</strong></p>
<ul>
<li>100% ingredients naturals i biodegradables.</li>
<li>Sense sulfats, parabens ni colorants artificials.</li>
<li>Vegà i no testat en animals.</li>
<li>Fet a mà amb ingredients procedents d&#8217;agricultura ecològica.</li>
</ul>
<p><!-- CÓMO USARLO --></p>
<details>
<summary><strong>COM UTILITZAR-LO</strong></summary>
<p>Humiteja el sabó i frega&#8217;l entre les mans o sobre una esponja, massatgeu sobre la pell humida amb moviments circulars.<br />
Aclareix el sabó de la pell amb aigua tèbia.<br />
Conserva en un lloc sec entre usos (idealment en una sabonera amb drenatge o en una bossa de cotó).</p>
</details>
<p><!-- INCI – INGREDIENTES --></p>
<details style="margin-bottom: 15px;">
<summary><strong>INCI – INGREDIENTS</strong></summary>
<p><em data-start="2076" data-end="2402">Olea Europaea Oil, Aqua, Cocos Nucifera Oil, Sodium Hydroxide, Butyrospermum Parkii Butter, Ricinus Communis Oil, Theobroma Cacao Seed Butter, Sodium Lactate, Sodium Chloride, Salvia Sclarea Leaf Oil, Rosa Canina Fruit Powder, Rosa Centifolia Flower Powder, Mica (CI 77019), Iron Oxide Red (CI 77491), Linalool*, Limonene*</em><br data-start="2402" data-end="2405">*Al·lèrgens presents de forma natural en els olis essencials.</p>
</details>

<p>Sabó de rosa mosqueta, un sabó floral i regenerador, ideal per cuidar la teva pell de forma conscient i retornar-li suavitat, frescor i vitalitat.</p>
