{"id":1128,"date":"2025-11-21T12:33:34","date_gmt":"2025-11-21T11:33:34","guid":{"rendered":"https:\/\/sarreldellevant.net\/producto\/sabo-de-lavanda\/"},"modified":"2025-11-21T12:33:34","modified_gmt":"2025-11-21T11:33:34","slug":"sabo-de-lavanda","status":"publish","type":"product","link":"https:\/\/sarreldellevant.net\/ca\/producto\/sabo-de-lavanda\/","title":{"rendered":"Sab\u00f3 de lavanda"},"content":{"rendered":"<p class=\"\" data-start=\"576\" data-end=\"836\">Sab\u00f3 de lavanda hidratant i relaxant. Una opci\u00f3 ideal per a l&#8217;\u00fas corporal diari, suau fins i tot amb les pells m\u00e9s sensibles. <\/p>\n<p class=\"\" data-start=\"324\" data-end=\"674\">Elaborat artesanalment a Mallorca mitjan\u00e7ant saponificaci\u00f3 en fred, el nostre <strong data-start=\"402\" data-end=\"422\">Sab\u00f3 de Lavanda<\/strong> \u00e9s perfecte per a aquells que busquen un moment de calma i cura natural. El seu delicat aroma floral, provinent de l&#8217;oli essencial de lavanda, ajuda a relaxar els sentits mentre la seva f\u00f3rmula rica en olis vegetals i mantegues nodreix i hidrata la pell. <\/p>\n<p class=\"\" data-start=\"676\" data-end=\"765\">Una opci\u00f3 ideal per a l&#8217;\u00fas corporal diari, suau fins i tot amb les pells m\u00e9s sensibles. Apte per a tot tipus de pells. <\/p>\n<blockquote data-start=\"767\" data-end=\"849\">\n<p class=\"\" data-start=\"769\" data-end=\"849\"><em data-start=\"769\" data-end=\"849\">No recomanat per a nens menors de 3 anys, dones embarassades ni lactants.<\/em><\/p>\n<\/blockquote>\n<p><strong>Ingredients clau i beneficis:<\/strong><\/p>\n<ul>\n<li><strong data-start=\"883\" data-end=\"913\">Oli essencial de lavanda<\/strong> (<em data-start=\"915\" data-end=\"939\">Lavandula Angustifolia<\/em>): Conegut per les seves propietats calmants, antiinflamat\u00f2ries i aromaterap\u00e8utiques.<\/li>\n<li><strong data-start=\"1025\" data-end=\"1065\">Mantega de karit\u00e9 i mantega de cacau<\/strong>: Nodreixen profundament, restaurant la suavitat i elasticitat de la pell.<\/li>\n<li><strong data-start=\"1143\" data-end=\"1178\">Olis d&#8217;oliva, coco i ric\u00ed<\/strong>: Aporten hidrataci\u00f3, suavitat i ajuden a generar una escuma cremosa.<\/li>\n<\/ul>\n<p><strong>F\u00f3rmula natural i conscient:<\/strong><\/p>\n<ul>\n<li>100% ingredients naturals i biodegradables.<\/li>\n<li>Sense sulfats, parabens ni colorants artificials.<\/li>\n<li>Veg\u00e0 i no testat en animals.<\/li>\n<li>Fet a m\u00e0 amb ingredients procedents d&#8217;agricultura ecol\u00f2gica.<\/li>\n<\/ul>\n<p><!-- C\u00d3MO USARLO --><\/p>\n<details>\n<summary><strong>COM UTILITZAR-LO<\/strong><\/summary>\n<p>Humiteja el sab\u00f3 i frega&#8217;l entre les mans o sobre una esponja, massatgeu sobre la pell humida amb moviments circulars.<br \/>\nAclareix el sab\u00f3 de la pell amb aigua t\u00e8bia.<br \/>\nConserva en un lloc sec entre usos (idealment en una sabonera amb drenatge o en una bossa de cot\u00f3).<\/p>\n<\/details>\n<p><!-- INCI \u2013 INGREDIENTES --><\/p>\n<details style=\"margin-bottom: 15px;\">\n<summary><strong>INCI \u2013 INGREDIENTS<\/strong><\/summary>\n<p><em data-start=\"1844\" data-end=\"2214\">Olea Europaea Oil, Aqua, Cocos Nucifera Oil, Sodium Hydroxide, Butyrospermum Parkii Butter, Ricinus Communis Oil, Theobroma Cacao Seed Butter, Sodium Lactate, Sodium Chloride, Lavandula Angustifolia Oil, Mica (CI 77019), Titanium Dioxide (CI 77891), Iron Oxide Red (CI 77491), Tin Oxide (CI 77861), Manganese Violet (CI 77742), Linalool**, Limonene**, Geraniol**<\/em><br data-start=\"2214\" data-end=\"2217\">**Al\u00b7l\u00e8rgens presents de forma natural en els olis essencials.<\/p>\n<\/details>\n","protected":false},"excerpt":{"rendered":"<p>Un sab\u00f3 artesanal per a aquells que valoren la bellesa natural, la calma i la cura conscient de la pell.<\/p>\n","protected":false},"featured_media":1129,"comment_status":"open","ping_status":"closed","template":"","meta":{"_et_pb_use_builder":"","_et_pb_old_content":"","_et_gb_content_width":"","om_disable_all_campaigns":false,"_monsterinsights_skip_tracking":false,"_monsterinsights_sitenote_active":false,"_monsterinsights_sitenote_note":"","_monsterinsights_sitenote_category":0,"_uf_show_specific_survey":0,"_uf_disable_surveys":false},"product_brand":[],"product_cat":[82],"product_tag":[85,86,87,83],"class_list":{"0":"post-1128","1":"product","2":"type-product","3":"status-publish","4":"has-post-thumbnail","6":"product_cat-cura-corporal","7":"product_tag-artesanal","8":"product_tag-pell-sensible","9":"product_tag-sense-parabens","10":"product_tag-tot-tipus-de-pells","12":"first","13":"instock","14":"taxable","15":"shipping-taxable","16":"purchasable","17":"product-type-simple"},"aioseo_notices":[],"jetpack_sharing_enabled":true,"_links":{"self":[{"href":"https:\/\/sarreldellevant.net\/ca\/wp-json\/wp\/v2\/product\/1128","targetHints":{"allow":["GET"]}}],"collection":[{"href":"https:\/\/sarreldellevant.net\/ca\/wp-json\/wp\/v2\/product"}],"about":[{"href":"https:\/\/sarreldellevant.net\/ca\/wp-json\/wp\/v2\/types\/product"}],"replies":[{"embeddable":true,"href":"https:\/\/sarreldellevant.net\/ca\/wp-json\/wp\/v2\/comments?post=1128"}],"wp:featuredmedia":[{"embeddable":true,"href":"https:\/\/sarreldellevant.net\/ca\/wp-json\/wp\/v2\/media\/1129"}],"wp:attachment":[{"href":"https:\/\/sarreldellevant.net\/ca\/wp-json\/wp\/v2\/media?parent=1128"}],"wp:term":[{"taxonomy":"product_brand","embeddable":true,"href":"https:\/\/sarreldellevant.net\/ca\/wp-json\/wp\/v2\/product_brand?post=1128"},{"taxonomy":"product_cat","embeddable":true,"href":"https:\/\/sarreldellevant.net\/ca\/wp-json\/wp\/v2\/product_cat?post=1128"},{"taxonomy":"product_tag","embeddable":true,"href":"https:\/\/sarreldellevant.net\/ca\/wp-json\/wp\/v2\/product_tag?post=1128"}],"curies":[{"name":"wp","href":"https:\/\/api.w.org\/{rel}","templated":true}]}}

Sabó de lavanda

<p class="" data-start="576" data-end="836">Sabó de lavanda hidratant i relaxant. Una opció ideal per a l&#8217;ús corporal diari, suau fins i tot amb les pells més sensibles. </p>
<p class="" data-start="324" data-end="674">Elaborat artesanalment a Mallorca mitjançant saponificació en fred, el nostre <strong data-start="402" data-end="422">Sabó de Lavanda</strong> és perfecte per a aquells que busquen un moment de calma i cura natural. El seu delicat aroma floral, provinent de l&#8217;oli essencial de lavanda, ajuda a relaxar els sentits mentre la seva fórmula rica en olis vegetals i mantegues nodreix i hidrata la pell. </p>
<p class="" data-start="676" data-end="765">Una opció ideal per a l&#8217;ús corporal diari, suau fins i tot amb les pells més sensibles. Apte per a tot tipus de pells. </p>
<blockquote data-start="767" data-end="849">
<p class="" data-start="769" data-end="849"><em data-start="769" data-end="849">No recomanat per a nens menors de 3 anys, dones embarassades ni lactants.</em></p>
</blockquote>
<p><strong>Ingredients clau i beneficis:</strong></p>
<ul>
<li><strong data-start="883" data-end="913">Oli essencial de lavanda</strong> (<em data-start="915" data-end="939">Lavandula Angustifolia</em>): Conegut per les seves propietats calmants, antiinflamatòries i aromaterapèutiques.</li>
<li><strong data-start="1025" data-end="1065">Mantega de karité i mantega de cacau</strong>: Nodreixen profundament, restaurant la suavitat i elasticitat de la pell.</li>
<li><strong data-start="1143" data-end="1178">Olis d&#8217;oliva, coco i ricí</strong>: Aporten hidratació, suavitat i ajuden a generar una escuma cremosa.</li>
</ul>
<p><strong>Fórmula natural i conscient:</strong></p>
<ul>
<li>100% ingredients naturals i biodegradables.</li>
<li>Sense sulfats, parabens ni colorants artificials.</li>
<li>Vegà i no testat en animals.</li>
<li>Fet a mà amb ingredients procedents d&#8217;agricultura ecològica.</li>
</ul>
<p><!-- CÓMO USARLO --></p>
<details>
<summary><strong>COM UTILITZAR-LO</strong></summary>
<p>Humiteja el sabó i frega&#8217;l entre les mans o sobre una esponja, massatgeu sobre la pell humida amb moviments circulars.<br />
Aclareix el sabó de la pell amb aigua tèbia.<br />
Conserva en un lloc sec entre usos (idealment en una sabonera amb drenatge o en una bossa de cotó).</p>
</details>
<p><!-- INCI – INGREDIENTES --></p>
<details style="margin-bottom: 15px;">
<summary><strong>INCI – INGREDIENTS</strong></summary>
<p><em data-start="1844" data-end="2214">Olea Europaea Oil, Aqua, Cocos Nucifera Oil, Sodium Hydroxide, Butyrospermum Parkii Butter, Ricinus Communis Oil, Theobroma Cacao Seed Butter, Sodium Lactate, Sodium Chloride, Lavandula Angustifolia Oil, Mica (CI 77019), Titanium Dioxide (CI 77891), Iron Oxide Red (CI 77491), Tin Oxide (CI 77861), Manganese Violet (CI 77742), Linalool**, Limonene**, Geraniol**</em><br data-start="2214" data-end="2217">**Al·lèrgens presents de forma natural en els olis essencials.</p>
</details>

<p>Un sabó artesanal per a aquells que valoren la bellesa natural, la calma i la cura conscient de la pell.</p>
