{"id":1131,"date":"2025-11-21T12:38:38","date_gmt":"2025-11-21T11:38:38","guid":{"rendered":"https:\/\/sarreldellevant.net\/producto\/sabo-dencens-i-patxuli\/"},"modified":"2025-11-21T12:38:38","modified_gmt":"2025-11-21T11:38:38","slug":"sabo-dencens-i-patxuli","status":"publish","type":"product","link":"https:\/\/sarreldellevant.net\/ca\/producto\/sabo-dencens-i-patxuli\/","title":{"rendered":"Sab\u00f3 d&#8217;encens i p\u00e0txuli"},"content":{"rendered":"<p class=\"\" data-start=\"769\" data-end=\"849\"><strong>Sab\u00f3 d&#8217;encens i p\u00e0txuli: calma, nodreix i rejoveneix.<\/strong> Una opci\u00f3 perfecta per a aquells que busquen una cura corporal natural, calmant i amb una frag\u00e0ncia espiritual que transforma la rutina di\u00e0ria en un moment de connexi\u00f3. Apte per a tot tipus de pells. <\/p>\n<p class=\"\" data-start=\"390\" data-end=\"656\">El nostre <strong data-start=\"398\" data-end=\"431\">Sab\u00f3 d&#8217;Encens &amp; P\u00e0txuli<\/strong>, elaborat artesanalment a Mallorca mitjan\u00e7ant el proc\u00e9s tradicional de saponificaci\u00f3 en fred, combina el poder arom\u00e0tic i espiritual de l&#8217;encens amb les propietats calmants, nutritives i rejovenidores del p\u00e0txuli.<\/p>\n<p class=\"\" data-start=\"658\" data-end=\"855\">Amb ingredients 100% naturals i una frag\u00e0ncia c\u00e0lida i envolvent, aquest sab\u00f3 ofereix una neteja suau i profunda que deixa la pell nodrida, equilibrada i amb una sensaci\u00f3 de benestar duradora.<\/p>\n<blockquote data-start=\"857\" data-end=\"939\">\n<p class=\"\" data-start=\"859\" data-end=\"939\"><em data-start=\"859\" data-end=\"939\">No recomanat per a nens menors de 3 anys, dones embarassades ni lactants.<\/em><\/p>\n<\/blockquote>\n<p><strong>Ingredients clau i beneficis:<\/strong><\/p>\n<ul>\n<li><strong data-start=\"988\" data-end=\"1020\">Oli essencial de p\u00e0txuli<\/strong> (<em data-start=\"1022\" data-end=\"1041\">Pogostemon Cablin<\/em>): Ajuda a regenerar la pell, aporta hidrataci\u00f3 i t\u00e9 un efecte calmant.<\/li>\n<li><strong data-start=\"1122\" data-end=\"1156\">Extracte de resina d&#8217;encens<\/strong> (<em data-start=\"1158\" data-end=\"1178\">Boswellia Carterii<\/em>): Ric en propietats antioxidants i tonificants, revitalitza i purifica la pell.<\/li>\n<li><strong data-start=\"1266\" data-end=\"1295\">Mantega de karit\u00e9 i cacau<\/strong>: Nodreixen en profunditat i restauren l&#8217;elasticitat natural de la pell.<\/li>\n<li><strong data-start=\"1370\" data-end=\"1414\">Olis vegetals d&#8217;oliva, coco, ric\u00ed<\/strong>: Netejen sense ressecar, mantenint la pell suau i protegida.<\/li>\n<\/ul>\n<p><strong>F\u00f3rmula natural i conscient:<\/strong><\/p>\n<ul>\n<li>100% ingredients naturals i biodegradables.<\/li>\n<li>Sense sulfats, parabens ni colorants artificials.<\/li>\n<li>Veg\u00e0 i no testat en animals.<\/li>\n<li>Fet a m\u00e0 amb ingredients procedents d&#8217;agricultura ecol\u00f2gica.<\/li>\n<\/ul>\n<p><!-- C\u00d3MO USARLO --><\/p>\n<details>\n<summary><strong>COM UTILITZAR-LO<\/strong><\/summary>\n<p>Humiteja el sab\u00f3 i frega&#8217;l entre les mans o sobre una esponja, massatgeu sobre la pell humida amb moviments circulars.<br \/>\nAclareix el sab\u00f3 de la pell amb aigua t\u00e8bia.<br \/>\nConserva en un lloc sec entre usos (idealment en una sabonera amb drenatge o en una bossa de cot\u00f3).<\/p>\n<\/details>\n<p><!-- INCI \u2013 INGREDIENTES --><\/p>\n<details style=\"margin-bottom: 15px;\">\n<summary><strong>INCI \u2013 INGREDIENTS<\/strong><\/summary>\n<p><em data-start=\"2062\" data-end=\"2351\">Olea Europaea Oil, Aqua, Cocos Nucifera Oil, Sodium Hydroxide, Butyrospermum Parkii Butter, Ricinus Communis Oil, Theobroma Cacao Seed Butter, Sodium Lactate, Pogostemon Cablin Leaf Oil, Boswellia Carterii Resin Extract, Mica (CI 77019), Iron Oxide Red (CI 77491), Illite, Alpha-Pinene*<\/em><br data-start=\"2351\" data-end=\"2354\">*Al\u00b7l\u00e8rgens presents de forma natural en els olis essencials<br data-start=\"2418\" data-end=\"2421\">**Ingredients procedents d&#8217;agricultura ecol\u00f2gica<\/p>\n<\/details>\n","protected":false},"excerpt":{"rendered":"<p>Sab\u00f3 d&#8217;encens i p\u00e0txuli, una opci\u00f3 perfecta per a aquells que busquen una cura corporal natural, calmant i amb una frag\u00e0ncia espiritual que transforma la rutina di\u00e0ria en un moment de connexi\u00f3.<\/p>\n","protected":false},"featured_media":522,"comment_status":"open","ping_status":"closed","template":"","meta":{"_et_pb_use_builder":"","_et_pb_old_content":"","_et_gb_content_width":"","om_disable_all_campaigns":false,"_monsterinsights_skip_tracking":false,"_monsterinsights_sitenote_active":false,"_monsterinsights_sitenote_note":"","_monsterinsights_sitenote_category":0,"_uf_show_specific_survey":0,"_uf_disable_surveys":false},"product_brand":[],"product_cat":[82],"product_tag":[85,86,87,83],"class_list":{"0":"post-1131","1":"product","2":"type-product","3":"status-publish","4":"has-post-thumbnail","6":"product_cat-cura-corporal","7":"product_tag-artesanal","8":"product_tag-pell-sensible","9":"product_tag-sense-parabens","10":"product_tag-tot-tipus-de-pells","12":"first","13":"instock","14":"taxable","15":"shipping-taxable","16":"purchasable","17":"product-type-simple"},"aioseo_notices":[],"jetpack_sharing_enabled":true,"_links":{"self":[{"href":"https:\/\/sarreldellevant.net\/ca\/wp-json\/wp\/v2\/product\/1131","targetHints":{"allow":["GET"]}}],"collection":[{"href":"https:\/\/sarreldellevant.net\/ca\/wp-json\/wp\/v2\/product"}],"about":[{"href":"https:\/\/sarreldellevant.net\/ca\/wp-json\/wp\/v2\/types\/product"}],"replies":[{"embeddable":true,"href":"https:\/\/sarreldellevant.net\/ca\/wp-json\/wp\/v2\/comments?post=1131"}],"wp:featuredmedia":[{"embeddable":true,"href":"https:\/\/sarreldellevant.net\/ca\/wp-json\/wp\/v2\/media\/522"}],"wp:attachment":[{"href":"https:\/\/sarreldellevant.net\/ca\/wp-json\/wp\/v2\/media?parent=1131"}],"wp:term":[{"taxonomy":"product_brand","embeddable":true,"href":"https:\/\/sarreldellevant.net\/ca\/wp-json\/wp\/v2\/product_brand?post=1131"},{"taxonomy":"product_cat","embeddable":true,"href":"https:\/\/sarreldellevant.net\/ca\/wp-json\/wp\/v2\/product_cat?post=1131"},{"taxonomy":"product_tag","embeddable":true,"href":"https:\/\/sarreldellevant.net\/ca\/wp-json\/wp\/v2\/product_tag?post=1131"}],"curies":[{"name":"wp","href":"https:\/\/api.w.org\/{rel}","templated":true}]}}

Sabó d&#8217;encens i pàtxuli

<p class="" data-start="769" data-end="849"><strong>Sabó d&#8217;encens i pàtxuli: calma, nodreix i rejoveneix.</strong> Una opció perfecta per a aquells que busquen una cura corporal natural, calmant i amb una fragància espiritual que transforma la rutina diària en un moment de connexió. Apte per a tot tipus de pells. </p>
<p class="" data-start="390" data-end="656">El nostre <strong data-start="398" data-end="431">Sabó d&#8217;Encens &amp; Pàtxuli</strong>, elaborat artesanalment a Mallorca mitjançant el procés tradicional de saponificació en fred, combina el poder aromàtic i espiritual de l&#8217;encens amb les propietats calmants, nutritives i rejovenidores del pàtxuli.</p>
<p class="" data-start="658" data-end="855">Amb ingredients 100% naturals i una fragància càlida i envolvent, aquest sabó ofereix una neteja suau i profunda que deixa la pell nodrida, equilibrada i amb una sensació de benestar duradora.</p>
<blockquote data-start="857" data-end="939">
<p class="" data-start="859" data-end="939"><em data-start="859" data-end="939">No recomanat per a nens menors de 3 anys, dones embarassades ni lactants.</em></p>
</blockquote>
<p><strong>Ingredients clau i beneficis:</strong></p>
<ul>
<li><strong data-start="988" data-end="1020">Oli essencial de pàtxuli</strong> (<em data-start="1022" data-end="1041">Pogostemon Cablin</em>): Ajuda a regenerar la pell, aporta hidratació i té un efecte calmant.</li>
<li><strong data-start="1122" data-end="1156">Extracte de resina d&#8217;encens</strong> (<em data-start="1158" data-end="1178">Boswellia Carterii</em>): Ric en propietats antioxidants i tonificants, revitalitza i purifica la pell.</li>
<li><strong data-start="1266" data-end="1295">Mantega de karité i cacau</strong>: Nodreixen en profunditat i restauren l&#8217;elasticitat natural de la pell.</li>
<li><strong data-start="1370" data-end="1414">Olis vegetals d&#8217;oliva, coco, ricí</strong>: Netejen sense ressecar, mantenint la pell suau i protegida.</li>
</ul>
<p><strong>Fórmula natural i conscient:</strong></p>
<ul>
<li>100% ingredients naturals i biodegradables.</li>
<li>Sense sulfats, parabens ni colorants artificials.</li>
<li>Vegà i no testat en animals.</li>
<li>Fet a mà amb ingredients procedents d&#8217;agricultura ecològica.</li>
</ul>
<p><!-- CÓMO USARLO --></p>
<details>
<summary><strong>COM UTILITZAR-LO</strong></summary>
<p>Humiteja el sabó i frega&#8217;l entre les mans o sobre una esponja, massatgeu sobre la pell humida amb moviments circulars.<br />
Aclareix el sabó de la pell amb aigua tèbia.<br />
Conserva en un lloc sec entre usos (idealment en una sabonera amb drenatge o en una bossa de cotó).</p>
</details>
<p><!-- INCI – INGREDIENTES --></p>
<details style="margin-bottom: 15px;">
<summary><strong>INCI – INGREDIENTS</strong></summary>
<p><em data-start="2062" data-end="2351">Olea Europaea Oil, Aqua, Cocos Nucifera Oil, Sodium Hydroxide, Butyrospermum Parkii Butter, Ricinus Communis Oil, Theobroma Cacao Seed Butter, Sodium Lactate, Pogostemon Cablin Leaf Oil, Boswellia Carterii Resin Extract, Mica (CI 77019), Iron Oxide Red (CI 77491), Illite, Alpha-Pinene*</em><br data-start="2351" data-end="2354">*Al·lèrgens presents de forma natural en els olis essencials<br data-start="2418" data-end="2421">**Ingredients procedents d&#8217;agricultura ecològica</p>
</details>

<p>Sabó d&#8217;encens i pàtxuli, una opció perfecta per a aquells que busquen una cura corporal natural, calmant i amb una fragància espiritual que transforma la rutina diària en un moment de connexió.</p>
