{"id":1135,"date":"2025-11-21T12:43:53","date_gmt":"2025-11-21T11:43:53","guid":{"rendered":"https:\/\/sarreldellevant.net\/producto\/sabo-de-calendula\/"},"modified":"2025-11-21T12:43:53","modified_gmt":"2025-11-21T11:43:53","slug":"sabo-de-calendula","status":"publish","type":"product","link":"https:\/\/sarreldellevant.net\/ca\/producto\/sabo-de-calendula\/","title":{"rendered":"Sab\u00f3 de cal\u00e8ndula"},"content":{"rendered":"<p class=\"\" data-start=\"859\" data-end=\"939\"><strong>Sab\u00f3 de cal\u00e8ndula, hidratant i calmant. <\/strong>Un sab\u00f3 nutritiu i calmant, ideal per a aquells que busquen una neteja delicada amb el poder restaurador de la natura. Apte per a pells sensibles. <\/p>\n<p class=\"\" data-start=\"338\" data-end=\"622\">El <strong data-start=\"341\" data-end=\"363\">Sab\u00f3 de Cal\u00e8ndula<\/strong>, elaborat artesanalment a Mallorca mitjan\u00e7ant saponificaci\u00f3 en fred, \u00e9s una f\u00f3rmula suau i natural que neteja, hidrata i calma la pell delicadament. Ideal per a l&#8217;\u00fas corporal diari, combina ingredients vegetals amb propietats emol\u00b7lients i calmants. <\/p>\n<p class=\"\" data-start=\"624\" data-end=\"859\">Gr\u00e0cies a l&#8217;oli de flors de cal\u00e8ndula, la llet de cabra i les llavors de rosella, aquest sab\u00f3 ofereix una experi\u00e8ncia de neteja nutritiva, regeneradora i lleugerament exfoliant. Perfecte per cuidar la pell amb suavitat i respecte. <\/p>\n<blockquote data-start=\"861\" data-end=\"943\">\n<p class=\"\" data-start=\"863\" data-end=\"943\"><em data-start=\"863\" data-end=\"943\">No recomanat per a nens menors de 3 anys, dones embarassades ni lactants.<\/em><\/p>\n<\/blockquote>\n<p><strong>Ingredients clau i beneficis:<\/strong><\/p>\n<ul>\n<li><strong data-start=\"992\" data-end=\"1015\">Oli de cal\u00e8ndula<\/strong> (<em data-start=\"1017\" data-end=\"1051\">Calendula Officinalis Flower Oil<\/em>): Calma, suavitza i ajuda a regenerar la pell irritada o sensible.<\/li>\n<li><strong data-start=\"1122\" data-end=\"1140\">Llet de cabra<\/strong> (<em data-start=\"1142\" data-end=\"1154\">Caprae Lac<\/em>): Nodreix en profunditat i aporta suavitat extra, rica en vitamines i minerals.<\/li>\n<li class=\"\" data-start=\"1236\" data-end=\"1346\">\n<p class=\"\" data-start=\"1238\" data-end=\"1346\"><strong data-start=\"1238\" data-end=\"1261\">Llavors de rosella<\/strong> (<em data-start=\"1263\" data-end=\"1283\">Papaver Somniferum<\/em>): Exfolien delicadament, estimulant la renovaci\u00f3 cel\u00b7lular.<\/p>\n<\/li>\n<li class=\"\" data-start=\"1236\" data-end=\"1346\">\n<p class=\"\" data-start=\"1238\" data-end=\"1346\"><strong data-start=\"1349\" data-end=\"1371\">Mantegues vegetals<\/strong> (karit\u00e9, cacau): Hidraten intensament i protegeixen la barrera natural de la pell.<\/p>\n<\/li>\n<li class=\"\" data-start=\"1236\" data-end=\"1346\">\n<p class=\"\" data-start=\"1238\" data-end=\"1346\"><strong data-start=\"1457\" data-end=\"1493\">Oli essencial de taronja dol\u00e7a<\/strong> (<em data-start=\"1495\" data-end=\"1520\">Citrus Aurantium Dulcis<\/em>): Aporta un aroma fresc i propietats revitalitzants.<\/p>\n<\/li>\n<\/ul>\n<p><strong>F\u00f3rmula natural i conscient:<\/strong><\/p>\n<ul>\n<li>100% ingredients naturals i biodegradables.<\/li>\n<li>Sense sulfats, parabens ni colorants artificials.<\/li>\n<li>Veg\u00e0 i no testat en animals.<\/li>\n<li>Fet a m\u00e0 amb ingredients procedents d&#8217;agricultura ecol\u00f2gica.<\/li>\n<\/ul>\n<p><!-- C\u00d3MO USARLO --><\/p>\n<details>\n<summary><strong>COM UTILITZAR-LO<\/strong><\/summary>\n<p>Humiteja el sab\u00f3 i frega&#8217;l entre les mans o sobre una esponja, massatgeu sobre la pell humida amb moviments circulars.<br \/>\nAclareix el sab\u00f3 de la pell amb aigua t\u00e8bia.<br \/>\nConserva en un lloc sec entre usos (idealment en una sabonera amb drenatge o en una bossa de cot\u00f3).<\/p>\n<\/details>\n<p><!-- INCI \u2013 INGREDIENTES --><\/p>\n<details style=\"margin-bottom: 15px;\">\n<summary><strong>INCI \u2013 INGREDIENTS<\/strong><\/summary>\n<p><em data-start=\"2209\" data-end=\"2596\">Olea Europaea Oil, Aqua, Cocos Nucifera Oil, Sodium Hydroxide, Butyrospermum Parkii Butter, Ricinus Communis Oil, Sodium Lactate, Papaver Somniferum Seed, Caprae Lac, Calendula Officinalis Flower Oil, Theobroma Cacao Seed Butter, Citrus Aurantium Dulcis Peel Oil, Limonene**, Mica (CI 77019), Titanium Dioxide (CI 77891), Iron Oxide Yellow (CI 77492), Chromium Oxide Green (CI 77288)<\/em><br data-start=\"2596\" data-end=\"2599\">**Al\u00b7l\u00e8rgens presents de forma natural en els olis essencials.<\/p>\n<\/details>\n","protected":false},"excerpt":{"rendered":"<p>Sab\u00f3 de cal\u00e8ndula, hidratant i calmant. Un sab\u00f3 nutritiu i calmant, ideal per a aquells que busquen una neteja delicada amb el poder restaurador de la natura. <\/p>\n","protected":false},"featured_media":1136,"comment_status":"open","ping_status":"closed","template":"","meta":{"_et_pb_use_builder":"","_et_pb_old_content":"","_et_gb_content_width":"","om_disable_all_campaigns":false,"_monsterinsights_skip_tracking":false,"_monsterinsights_sitenote_active":false,"_monsterinsights_sitenote_note":"","_monsterinsights_sitenote_category":0,"_uf_show_specific_survey":0,"_uf_disable_surveys":false},"product_brand":[],"product_cat":[82],"product_tag":[85,86,87,83],"class_list":{"0":"post-1135","1":"product","2":"type-product","3":"status-publish","4":"has-post-thumbnail","6":"product_cat-cura-corporal","7":"product_tag-artesanal","8":"product_tag-pell-sensible","9":"product_tag-sense-parabens","10":"product_tag-tot-tipus-de-pells","12":"first","13":"instock","14":"taxable","15":"shipping-taxable","16":"purchasable","17":"product-type-simple"},"aioseo_notices":[],"jetpack_sharing_enabled":true,"_links":{"self":[{"href":"https:\/\/sarreldellevant.net\/ca\/wp-json\/wp\/v2\/product\/1135","targetHints":{"allow":["GET"]}}],"collection":[{"href":"https:\/\/sarreldellevant.net\/ca\/wp-json\/wp\/v2\/product"}],"about":[{"href":"https:\/\/sarreldellevant.net\/ca\/wp-json\/wp\/v2\/types\/product"}],"replies":[{"embeddable":true,"href":"https:\/\/sarreldellevant.net\/ca\/wp-json\/wp\/v2\/comments?post=1135"}],"wp:featuredmedia":[{"embeddable":true,"href":"https:\/\/sarreldellevant.net\/ca\/wp-json\/wp\/v2\/media\/1136"}],"wp:attachment":[{"href":"https:\/\/sarreldellevant.net\/ca\/wp-json\/wp\/v2\/media?parent=1135"}],"wp:term":[{"taxonomy":"product_brand","embeddable":true,"href":"https:\/\/sarreldellevant.net\/ca\/wp-json\/wp\/v2\/product_brand?post=1135"},{"taxonomy":"product_cat","embeddable":true,"href":"https:\/\/sarreldellevant.net\/ca\/wp-json\/wp\/v2\/product_cat?post=1135"},{"taxonomy":"product_tag","embeddable":true,"href":"https:\/\/sarreldellevant.net\/ca\/wp-json\/wp\/v2\/product_tag?post=1135"}],"curies":[{"name":"wp","href":"https:\/\/api.w.org\/{rel}","templated":true}]}}

Sabó de calèndula

<p class="" data-start="859" data-end="939"><strong>Sabó de calèndula, hidratant i calmant. </strong>Un sabó nutritiu i calmant, ideal per a aquells que busquen una neteja delicada amb el poder restaurador de la natura. Apte per a pells sensibles. </p>
<p class="" data-start="338" data-end="622">El <strong data-start="341" data-end="363">Sabó de Calèndula</strong>, elaborat artesanalment a Mallorca mitjançant saponificació en fred, és una fórmula suau i natural que neteja, hidrata i calma la pell delicadament. Ideal per a l&#8217;ús corporal diari, combina ingredients vegetals amb propietats emol·lients i calmants. </p>
<p class="" data-start="624" data-end="859">Gràcies a l&#8217;oli de flors de calèndula, la llet de cabra i les llavors de rosella, aquest sabó ofereix una experiència de neteja nutritiva, regeneradora i lleugerament exfoliant. Perfecte per cuidar la pell amb suavitat i respecte. </p>
<blockquote data-start="861" data-end="943">
<p class="" data-start="863" data-end="943"><em data-start="863" data-end="943">No recomanat per a nens menors de 3 anys, dones embarassades ni lactants.</em></p>
</blockquote>
<p><strong>Ingredients clau i beneficis:</strong></p>
<ul>
<li><strong data-start="992" data-end="1015">Oli de calèndula</strong> (<em data-start="1017" data-end="1051">Calendula Officinalis Flower Oil</em>): Calma, suavitza i ajuda a regenerar la pell irritada o sensible.</li>
<li><strong data-start="1122" data-end="1140">Llet de cabra</strong> (<em data-start="1142" data-end="1154">Caprae Lac</em>): Nodreix en profunditat i aporta suavitat extra, rica en vitamines i minerals.</li>
<li class="" data-start="1236" data-end="1346">
<p class="" data-start="1238" data-end="1346"><strong data-start="1238" data-end="1261">Llavors de rosella</strong> (<em data-start="1263" data-end="1283">Papaver Somniferum</em>): Exfolien delicadament, estimulant la renovació cel·lular.</p>
</li>
<li class="" data-start="1236" data-end="1346">
<p class="" data-start="1238" data-end="1346"><strong data-start="1349" data-end="1371">Mantegues vegetals</strong> (karité, cacau): Hidraten intensament i protegeixen la barrera natural de la pell.</p>
</li>
<li class="" data-start="1236" data-end="1346">
<p class="" data-start="1238" data-end="1346"><strong data-start="1457" data-end="1493">Oli essencial de taronja dolça</strong> (<em data-start="1495" data-end="1520">Citrus Aurantium Dulcis</em>): Aporta un aroma fresc i propietats revitalitzants.</p>
</li>
</ul>
<p><strong>Fórmula natural i conscient:</strong></p>
<ul>
<li>100% ingredients naturals i biodegradables.</li>
<li>Sense sulfats, parabens ni colorants artificials.</li>
<li>Vegà i no testat en animals.</li>
<li>Fet a mà amb ingredients procedents d&#8217;agricultura ecològica.</li>
</ul>
<p><!-- CÓMO USARLO --></p>
<details>
<summary><strong>COM UTILITZAR-LO</strong></summary>
<p>Humiteja el sabó i frega&#8217;l entre les mans o sobre una esponja, massatgeu sobre la pell humida amb moviments circulars.<br />
Aclareix el sabó de la pell amb aigua tèbia.<br />
Conserva en un lloc sec entre usos (idealment en una sabonera amb drenatge o en una bossa de cotó).</p>
</details>
<p><!-- INCI – INGREDIENTES --></p>
<details style="margin-bottom: 15px;">
<summary><strong>INCI – INGREDIENTS</strong></summary>
<p><em data-start="2209" data-end="2596">Olea Europaea Oil, Aqua, Cocos Nucifera Oil, Sodium Hydroxide, Butyrospermum Parkii Butter, Ricinus Communis Oil, Sodium Lactate, Papaver Somniferum Seed, Caprae Lac, Calendula Officinalis Flower Oil, Theobroma Cacao Seed Butter, Citrus Aurantium Dulcis Peel Oil, Limonene**, Mica (CI 77019), Titanium Dioxide (CI 77891), Iron Oxide Yellow (CI 77492), Chromium Oxide Green (CI 77288)</em><br data-start="2596" data-end="2599">**Al·lèrgens presents de forma natural en els olis essencials.</p>
</details>

<p>Sabó de calèndula, hidratant i calmant. Un sabó nutritiu i calmant, ideal per a aquells que busquen una neteja delicada amb el poder restaurador de la natura. </p>
