{"id":1141,"date":"2025-11-21T16:10:45","date_gmt":"2025-11-21T15:10:45","guid":{"rendered":"https:\/\/sarreldellevant.net\/producto\/sabo-exfoliant-de-bambu\/"},"modified":"2025-11-21T16:10:45","modified_gmt":"2025-11-21T15:10:45","slug":"sabo-exfoliant-de-bambu","status":"publish","type":"product","link":"https:\/\/sarreldellevant.net\/ca\/producto\/sabo-exfoliant-de-bambu\/","title":{"rendered":"Sab\u00f3 exfoliant de bamb\u00fa"},"content":{"rendered":"<p class=\"\" data-start=\"863\" data-end=\"943\"><strong>Sab\u00f3 exfoliant de bamb\u00fa, purifica i suavitza la teva pell.  <\/strong>Un sab\u00f3 natural i efectiu per a aquells que busquen exfoliar, suavitzar i cuidar la seva pell de forma conscient i respectuosa. Apte per a tot tipus de pells. <\/p>\n<p class=\"\" data-start=\"321\" data-end=\"671\">El nostre <strong data-start=\"329\" data-end=\"358\">Sab\u00f3 Exfoliant de Bamb\u00fa<\/strong>, elaborat artesanalment a Mallorca mitjan\u00e7ant saponificaci\u00f3 en fred, est\u00e0 formulat amb ingredients naturals i ecol\u00f2gics per brindar una neteja profunda i delicada. La pols de tija de bamb\u00fa exfolia suaument, ajudant a eliminar les c\u00e8l\u00b7lules mortes i deixant la pell visiblement m\u00e9s suau i renovada. <\/p>\n<p class=\"\" data-start=\"673\" data-end=\"848\">Enriquit amb olis essencials d&#8217;ilang-ilang i menta, aquest sab\u00f3 no nom\u00e9s purifica, sin\u00f3 que tamb\u00e9 tonifica i revitalitza els sentits. Ideal per a l&#8217;\u00fas corporal diari. <\/p>\n<blockquote data-start=\"850\" data-end=\"965\">\n<p class=\"\" data-start=\"852\" data-end=\"965\"><em data-start=\"852\" data-end=\"965\">Aquest producte no est\u00e0 recomanat per a nens menors de 3 anys, dones embarassades ni en per\u00edode de lact\u00e0ncia.<\/em><\/p>\n<\/blockquote>\n<p><strong>Ingredients clau i beneficis:<\/strong><\/p>\n<ul>\n<li><strong data-start=\"999\" data-end=\"1017\">Pols de bamb\u00fa<\/strong> (<em data-start=\"1019\" data-end=\"1040\">Bambusa Arundinacea<\/em>): Exfoliant natural que millora la textura de la pell sense irritar-la.<\/li>\n<li><strong data-start=\"1114\" data-end=\"1148\">Oli essencial d&#8217;ilang-ilang<\/strong> (<em data-start=\"1150\" data-end=\"1167\">Cananga Odorata<\/em>): Equilibra, suavitza i aporta un aroma floral i relaxant.<\/li>\n<li><strong data-start=\"1231\" data-end=\"1259\">Oli essencial de menta<\/strong> (<em data-start=\"1261\" data-end=\"1278\">Mentha Piperita<\/em>): Refresca i tonifica la pell, ideal per a un efecte revitalitzant.<\/li>\n<li><strong data-start=\"1350\" data-end=\"1398\">Mantega de karit\u00e9, cacau i olis vegetals<\/strong>: Hidraten, nodreixen i protegeixen la pell durant la neteja.<\/li>\n<\/ul>\n<p><strong>F\u00f3rmula natural i conscient:<\/strong><\/p>\n<ul>\n<li>100% ingredients naturals i biodegradables.<\/li>\n<li>Sense sulfats, parabens ni colorants artificials.<\/li>\n<li>Veg\u00e0 i no testat en animals.<\/li>\n<li>Fet a m\u00e0 amb ingredients procedents d&#8217;agricultura ecol\u00f2gica.<\/li>\n<\/ul>\n<p><!-- C\u00d3MO USARLO --><\/p>\n<details>\n<summary><strong>COM UTILITZAR-LO<\/strong><\/summary>\n<p>Humiteja el sab\u00f3 i frega&#8217;l entre les mans o sobre una esponja, massatgeu sobre la pell humida amb moviments circulars.<br \/>\nAclareix el sab\u00f3 de la pell amb aigua t\u00e8bia.<br \/>\nConserva en un lloc sec entre usos (idealment en una sabonera amb drenatge o en una bossa de cot\u00f3).<\/p>\n<\/details>\n<p><!-- INCI \u2013 INGREDIENTES --><\/p>\n<details style=\"margin-bottom: 15px;\">\n<summary><strong>INCI \u2013 INGREDIENTS<\/strong><\/summary>\n<p>*Olea Europaea Oil**, Aqua, Cocos Nucifera Oil**, Sodium Hydroxide, Butyrospermum Parkii Butter**, Ricinus Communis Oil**, Theobroma Cacao Seed Butter**, Sodium Lactate, Bambusa Arundinacea Stem Powder**, Cananga Odorata Flower Oil**, Mentha Piperita Oil**, CI 77891, Linalool*, Benzyl Benzoate*, Benzyl Salicylate*, Limonene*<br data-start=\"2498\" data-end=\"2501\">*Al\u00b7l\u00e8rgens presents de forma natural en els olis essencials<br data-start=\"2565\" data-end=\"2568\">**Ingredients procedents d&#8217;agricultura ecol\u00f2gica<\/p>\n<\/details>\n","protected":false},"excerpt":{"rendered":"<p>Un sab\u00f3 natural i efectiu per a aquells que busquen exfoliar, suavitzar i cuidar la seva pell de forma conscient i respectuosa.<\/p>\n","protected":false},"featured_media":1142,"comment_status":"open","ping_status":"closed","template":"","meta":{"_et_pb_use_builder":"","_et_pb_old_content":"","_et_gb_content_width":"","om_disable_all_campaigns":false,"_monsterinsights_skip_tracking":false,"_monsterinsights_sitenote_active":false,"_monsterinsights_sitenote_note":"","_monsterinsights_sitenote_category":0,"_uf_show_specific_survey":0,"_uf_disable_surveys":false},"product_brand":[],"product_cat":[82],"product_tag":[85,86,87,83],"class_list":{"0":"post-1141","1":"product","2":"type-product","3":"status-publish","4":"has-post-thumbnail","6":"product_cat-cura-corporal","7":"product_tag-artesanal","8":"product_tag-pell-sensible","9":"product_tag-sense-parabens","10":"product_tag-tot-tipus-de-pells","12":"first","13":"instock","14":"taxable","15":"shipping-taxable","16":"purchasable","17":"product-type-simple"},"aioseo_notices":[],"jetpack_sharing_enabled":true,"_links":{"self":[{"href":"https:\/\/sarreldellevant.net\/ca\/wp-json\/wp\/v2\/product\/1141","targetHints":{"allow":["GET"]}}],"collection":[{"href":"https:\/\/sarreldellevant.net\/ca\/wp-json\/wp\/v2\/product"}],"about":[{"href":"https:\/\/sarreldellevant.net\/ca\/wp-json\/wp\/v2\/types\/product"}],"replies":[{"embeddable":true,"href":"https:\/\/sarreldellevant.net\/ca\/wp-json\/wp\/v2\/comments?post=1141"}],"wp:featuredmedia":[{"embeddable":true,"href":"https:\/\/sarreldellevant.net\/ca\/wp-json\/wp\/v2\/media\/1142"}],"wp:attachment":[{"href":"https:\/\/sarreldellevant.net\/ca\/wp-json\/wp\/v2\/media?parent=1141"}],"wp:term":[{"taxonomy":"product_brand","embeddable":true,"href":"https:\/\/sarreldellevant.net\/ca\/wp-json\/wp\/v2\/product_brand?post=1141"},{"taxonomy":"product_cat","embeddable":true,"href":"https:\/\/sarreldellevant.net\/ca\/wp-json\/wp\/v2\/product_cat?post=1141"},{"taxonomy":"product_tag","embeddable":true,"href":"https:\/\/sarreldellevant.net\/ca\/wp-json\/wp\/v2\/product_tag?post=1141"}],"curies":[{"name":"wp","href":"https:\/\/api.w.org\/{rel}","templated":true}]}}

Sabó exfoliant de bambú

<p class="" data-start="863" data-end="943"><strong>Sabó exfoliant de bambú, purifica i suavitza la teva pell.  </strong>Un sabó natural i efectiu per a aquells que busquen exfoliar, suavitzar i cuidar la seva pell de forma conscient i respectuosa. Apte per a tot tipus de pells. </p>
<p class="" data-start="321" data-end="671">El nostre <strong data-start="329" data-end="358">Sabó Exfoliant de Bambú</strong>, elaborat artesanalment a Mallorca mitjançant saponificació en fred, està formulat amb ingredients naturals i ecològics per brindar una neteja profunda i delicada. La pols de tija de bambú exfolia suaument, ajudant a eliminar les cèl·lules mortes i deixant la pell visiblement més suau i renovada. </p>
<p class="" data-start="673" data-end="848">Enriquit amb olis essencials d&#8217;ilang-ilang i menta, aquest sabó no només purifica, sinó que també tonifica i revitalitza els sentits. Ideal per a l&#8217;ús corporal diari. </p>
<blockquote data-start="850" data-end="965">
<p class="" data-start="852" data-end="965"><em data-start="852" data-end="965">Aquest producte no està recomanat per a nens menors de 3 anys, dones embarassades ni en període de lactància.</em></p>
</blockquote>
<p><strong>Ingredients clau i beneficis:</strong></p>
<ul>
<li><strong data-start="999" data-end="1017">Pols de bambú</strong> (<em data-start="1019" data-end="1040">Bambusa Arundinacea</em>): Exfoliant natural que millora la textura de la pell sense irritar-la.</li>
<li><strong data-start="1114" data-end="1148">Oli essencial d&#8217;ilang-ilang</strong> (<em data-start="1150" data-end="1167">Cananga Odorata</em>): Equilibra, suavitza i aporta un aroma floral i relaxant.</li>
<li><strong data-start="1231" data-end="1259">Oli essencial de menta</strong> (<em data-start="1261" data-end="1278">Mentha Piperita</em>): Refresca i tonifica la pell, ideal per a un efecte revitalitzant.</li>
<li><strong data-start="1350" data-end="1398">Mantega de karité, cacau i olis vegetals</strong>: Hidraten, nodreixen i protegeixen la pell durant la neteja.</li>
</ul>
<p><strong>Fórmula natural i conscient:</strong></p>
<ul>
<li>100% ingredients naturals i biodegradables.</li>
<li>Sense sulfats, parabens ni colorants artificials.</li>
<li>Vegà i no testat en animals.</li>
<li>Fet a mà amb ingredients procedents d&#8217;agricultura ecològica.</li>
</ul>
<p><!-- CÓMO USARLO --></p>
<details>
<summary><strong>COM UTILITZAR-LO</strong></summary>
<p>Humiteja el sabó i frega&#8217;l entre les mans o sobre una esponja, massatgeu sobre la pell humida amb moviments circulars.<br />
Aclareix el sabó de la pell amb aigua tèbia.<br />
Conserva en un lloc sec entre usos (idealment en una sabonera amb drenatge o en una bossa de cotó).</p>
</details>
<p><!-- INCI – INGREDIENTES --></p>
<details style="margin-bottom: 15px;">
<summary><strong>INCI – INGREDIENTS</strong></summary>
<p>*Olea Europaea Oil**, Aqua, Cocos Nucifera Oil**, Sodium Hydroxide, Butyrospermum Parkii Butter**, Ricinus Communis Oil**, Theobroma Cacao Seed Butter**, Sodium Lactate, Bambusa Arundinacea Stem Powder**, Cananga Odorata Flower Oil**, Mentha Piperita Oil**, CI 77891, Linalool*, Benzyl Benzoate*, Benzyl Salicylate*, Limonene*<br data-start="2498" data-end="2501">*Al·lèrgens presents de forma natural en els olis essencials<br data-start="2565" data-end="2568">**Ingredients procedents d&#8217;agricultura ecològica</p>
</details>

<p>Un sabó natural i efectiu per a aquells que busquen exfoliar, suavitzar i cuidar la seva pell de forma conscient i respectuosa.</p>
