{"id":1144,"date":"2025-11-21T16:18:26","date_gmt":"2025-11-21T15:18:26","guid":{"rendered":"https:\/\/sarreldellevant.net\/producto\/sabo-de-carbo-activat-i-lemongrass\/"},"modified":"2025-11-21T16:18:26","modified_gmt":"2025-11-21T15:18:26","slug":"sabo-de-carbo-activat-i-lemongrass","status":"publish","type":"product","link":"https:\/\/sarreldellevant.net\/ca\/producto\/sabo-de-carbo-activat-i-lemongrass\/","title":{"rendered":"Sab\u00f3 de carb\u00f3 activat i lemongrass"},"content":{"rendered":"<p class=\"\" data-start=\"863\" data-end=\"943\"><b>Sab\u00f3 de carb\u00f3 activat i lemongrass, hidratant i exfoliant. <\/b>Un sab\u00f3 ideal per a aquells que busquen una neteja profunda, exfoliaci\u00f3 suau i un toc c\u00edtric natural en la seva cura di\u00e0ria. Apte per a tot tipus de pells. <\/p>\n<p class=\"\" data-start=\"329\" data-end=\"553\">El nostre sab\u00f3 artesanal de <strong data-start=\"356\" data-end=\"388\">Carb\u00f3 Activat &amp; Lemongrass<\/strong>, elaborat a Mallorca mitjan\u00e7ant saponificaci\u00f3 en fred, est\u00e0 formulat per oferir una neteja profunda i una exfoliaci\u00f3 suau gr\u00e0cies a la pedra p\u00f2mez natural.<\/p>\n<p class=\"\" data-start=\"555\" data-end=\"835\">Enriquit amb olis vegetals i mantegues nutritives, purifica la pell sense ressecar-la, deixant-la visiblement m\u00e9s suau, neta i revitalitzada. El seu refrescant aroma c\u00edtric a lemongrass desperta els sentits, convertint la teva rutina di\u00e0ria en un moment de frescor i benestar. <\/p>\n<blockquote data-start=\"837\" data-end=\"933\">\n<p class=\"\" data-start=\"839\" data-end=\"933\"><em data-start=\"839\" data-end=\"933\">No recomanat per a nens menors de 3 anys, dones embarassades ni en per\u00edode de lact\u00e0ncia.<\/em><\/p>\n<\/blockquote>\n<p><strong>Ingredients clau i beneficis:<\/strong><\/p>\n<ul>\n<li><strong data-start=\"982\" data-end=\"1001\">Carb\u00f3 activat<\/strong>: Ajuda a eliminar toxines, impureses i exc\u00e9s de greix, deixant la pell purificada.<\/li>\n<li><strong data-start=\"1090\" data-end=\"1123\">Oli essencial de lemongrass<\/strong> (<em data-start=\"1125\" data-end=\"1146\">Cymbopogon Citratus<\/em>): Refresca, tonifica i ofereix propietats antibacterianes naturals.<\/li>\n<li><strong data-start=\"1220\" data-end=\"1244\">Pedra p\u00f2mez natural<\/strong>: Exfolia suaument, eliminant c\u00e8l\u00b7lules mortes i millorant la textura de la pell.<\/li>\n<li><strong data-start=\"1332\" data-end=\"1372\">Mantega de karit\u00e9 &amp; mantega de cacau<\/strong>: Hidraten, nodreixen i protegeixen la pell durant la neteja.<\/li>\n<li><strong data-start=\"1435\" data-end=\"1463\">Oli de ric\u00ed i oliva<\/strong>: Suavitzen la pell i afavoreixen la formaci\u00f3 d&#8217;una escuma cremosa.<\/li>\n<\/ul>\n<p><strong>F\u00f3rmula natural i conscient:<\/strong><\/p>\n<ul>\n<li>100% ingredients naturals i biodegradables.<\/li>\n<li>Sense sulfats, parabens ni colorants artificials.<\/li>\n<li>Veg\u00e0 i no testat en animals.<\/li>\n<li>Fet a m\u00e0 amb ingredients procedents d&#8217;agricultura ecol\u00f2gica.<\/li>\n<\/ul>\n<p><!-- C\u00d3MO USARLO --><\/p>\n<details>\n<summary><strong>COM UTILITZAR-LO<\/strong><\/summary>\n<p>Humiteja el sab\u00f3 i frega&#8217;l entre les mans o sobre una esponja, massatgeu sobre la pell humida amb moviments circulars.<br \/>\nAclareix el sab\u00f3 de la pell amb aigua t\u00e8bia.<br \/>\nConserva en un lloc sec entre usos (idealment en una sabonera amb drenatge o en una bossa de cot\u00f3).<\/p>\n<\/details>\n<p><!-- INCI \u2013 INGREDIENTES --><\/p>\n<details style=\"margin-bottom: 15px;\">\n<summary><strong>INCI \u2013 INGREDIENTS<\/strong><\/summary>\n<p>*Olea Europaea Oil, Aqua, Cocos Nucifera Oil, Sodium Hydroxide, Butyrospermum Parkii Butter, Ricinus Communis Oil, Theobroma Cacao Seed Butter, Sodium Lactate, Pumice Stone, Cymbopogon Citratus Oil, Charcoal Powder, Citral*, Limonene*, Geraniol*<br data-start=\"2417\" data-end=\"2420\">*Components presents de forma natural en els olis essencials.<\/p>\n<\/details>\n","protected":false},"excerpt":{"rendered":"<p>Un sab\u00f3 ideal per a aquells que busquen una neteja profunda, exfoliaci\u00f3 suau i un toc c\u00edtric natural en la seva cura di\u00e0ria.<\/p>\n","protected":false},"featured_media":1145,"comment_status":"open","ping_status":"closed","template":"","meta":{"_et_pb_use_builder":"","_et_pb_old_content":"","_et_gb_content_width":"","om_disable_all_campaigns":false,"_monsterinsights_skip_tracking":false,"_monsterinsights_sitenote_active":false,"_monsterinsights_sitenote_note":"","_monsterinsights_sitenote_category":0,"_uf_show_specific_survey":0,"_uf_disable_surveys":false},"product_brand":[],"product_cat":[82],"product_tag":[85,86,87,83],"class_list":{"0":"post-1144","1":"product","2":"type-product","3":"status-publish","4":"has-post-thumbnail","6":"product_cat-cura-corporal","7":"product_tag-artesanal","8":"product_tag-pell-sensible","9":"product_tag-sense-parabens","10":"product_tag-tot-tipus-de-pells","12":"first","13":"instock","14":"taxable","15":"shipping-taxable","16":"purchasable","17":"product-type-simple"},"aioseo_notices":[],"jetpack_sharing_enabled":true,"_links":{"self":[{"href":"https:\/\/sarreldellevant.net\/ca\/wp-json\/wp\/v2\/product\/1144","targetHints":{"allow":["GET"]}}],"collection":[{"href":"https:\/\/sarreldellevant.net\/ca\/wp-json\/wp\/v2\/product"}],"about":[{"href":"https:\/\/sarreldellevant.net\/ca\/wp-json\/wp\/v2\/types\/product"}],"replies":[{"embeddable":true,"href":"https:\/\/sarreldellevant.net\/ca\/wp-json\/wp\/v2\/comments?post=1144"}],"wp:featuredmedia":[{"embeddable":true,"href":"https:\/\/sarreldellevant.net\/ca\/wp-json\/wp\/v2\/media\/1145"}],"wp:attachment":[{"href":"https:\/\/sarreldellevant.net\/ca\/wp-json\/wp\/v2\/media?parent=1144"}],"wp:term":[{"taxonomy":"product_brand","embeddable":true,"href":"https:\/\/sarreldellevant.net\/ca\/wp-json\/wp\/v2\/product_brand?post=1144"},{"taxonomy":"product_cat","embeddable":true,"href":"https:\/\/sarreldellevant.net\/ca\/wp-json\/wp\/v2\/product_cat?post=1144"},{"taxonomy":"product_tag","embeddable":true,"href":"https:\/\/sarreldellevant.net\/ca\/wp-json\/wp\/v2\/product_tag?post=1144"}],"curies":[{"name":"wp","href":"https:\/\/api.w.org\/{rel}","templated":true}]}}

Sabó de carbó activat i lemongrass

<p class="" data-start="863" data-end="943"><b>Sabó de carbó activat i lemongrass, hidratant i exfoliant. </b>Un sabó ideal per a aquells que busquen una neteja profunda, exfoliació suau i un toc cítric natural en la seva cura diària. Apte per a tot tipus de pells. </p>
<p class="" data-start="329" data-end="553">El nostre sabó artesanal de <strong data-start="356" data-end="388">Carbó Activat &amp; Lemongrass</strong>, elaborat a Mallorca mitjançant saponificació en fred, està formulat per oferir una neteja profunda i una exfoliació suau gràcies a la pedra pòmez natural.</p>
<p class="" data-start="555" data-end="835">Enriquit amb olis vegetals i mantegues nutritives, purifica la pell sense ressecar-la, deixant-la visiblement més suau, neta i revitalitzada. El seu refrescant aroma cítric a lemongrass desperta els sentits, convertint la teva rutina diària en un moment de frescor i benestar. </p>
<blockquote data-start="837" data-end="933">
<p class="" data-start="839" data-end="933"><em data-start="839" data-end="933">No recomanat per a nens menors de 3 anys, dones embarassades ni en període de lactància.</em></p>
</blockquote>
<p><strong>Ingredients clau i beneficis:</strong></p>
<ul>
<li><strong data-start="982" data-end="1001">Carbó activat</strong>: Ajuda a eliminar toxines, impureses i excés de greix, deixant la pell purificada.</li>
<li><strong data-start="1090" data-end="1123">Oli essencial de lemongrass</strong> (<em data-start="1125" data-end="1146">Cymbopogon Citratus</em>): Refresca, tonifica i ofereix propietats antibacterianes naturals.</li>
<li><strong data-start="1220" data-end="1244">Pedra pòmez natural</strong>: Exfolia suaument, eliminant cèl·lules mortes i millorant la textura de la pell.</li>
<li><strong data-start="1332" data-end="1372">Mantega de karité &amp; mantega de cacau</strong>: Hidraten, nodreixen i protegeixen la pell durant la neteja.</li>
<li><strong data-start="1435" data-end="1463">Oli de ricí i oliva</strong>: Suavitzen la pell i afavoreixen la formació d&#8217;una escuma cremosa.</li>
</ul>
<p><strong>Fórmula natural i conscient:</strong></p>
<ul>
<li>100% ingredients naturals i biodegradables.</li>
<li>Sense sulfats, parabens ni colorants artificials.</li>
<li>Vegà i no testat en animals.</li>
<li>Fet a mà amb ingredients procedents d&#8217;agricultura ecològica.</li>
</ul>
<p><!-- CÓMO USARLO --></p>
<details>
<summary><strong>COM UTILITZAR-LO</strong></summary>
<p>Humiteja el sabó i frega&#8217;l entre les mans o sobre una esponja, massatgeu sobre la pell humida amb moviments circulars.<br />
Aclareix el sabó de la pell amb aigua tèbia.<br />
Conserva en un lloc sec entre usos (idealment en una sabonera amb drenatge o en una bossa de cotó).</p>
</details>
<p><!-- INCI – INGREDIENTES --></p>
<details style="margin-bottom: 15px;">
<summary><strong>INCI – INGREDIENTS</strong></summary>
<p>*Olea Europaea Oil, Aqua, Cocos Nucifera Oil, Sodium Hydroxide, Butyrospermum Parkii Butter, Ricinus Communis Oil, Theobroma Cacao Seed Butter, Sodium Lactate, Pumice Stone, Cymbopogon Citratus Oil, Charcoal Powder, Citral*, Limonene*, Geraniol*<br data-start="2417" data-end="2420">*Components presents de forma natural en els olis essencials.</p>
</details>

<p>Un sabó ideal per a aquells que busquen una neteja profunda, exfoliació suau i un toc cítric natural en la seva cura diària.</p>
