{"id":1146,"date":"2025-11-21T16:24:43","date_gmt":"2025-11-21T15:24:43","guid":{"rendered":"https:\/\/sarreldellevant.net\/producto\/sabo-de-taronja-i-canyella\/"},"modified":"2025-11-21T16:24:43","modified_gmt":"2025-11-21T15:24:43","slug":"sabo-de-taronja-i-canyella","status":"publish","type":"product","link":"https:\/\/sarreldellevant.net\/ca\/producto\/sabo-de-taronja-i-canyella\/","title":{"rendered":"Sab\u00f3 de taronja i canyella"},"content":{"rendered":"<p class=\"\" data-start=\"839\" data-end=\"933\"><strong>Sab\u00f3 de taronja i canyella, un sab\u00f3 hidratant amb car\u00e0cter,<\/strong> ideal per a aquells que volen cuidar la seva pell de manera natural i gaudir d&#8217;un aroma dol\u00e7 i especiat a cada \u00fas. Apte per a tot tipus de pells. <\/p>\n<p class=\"\" data-start=\"345\" data-end=\"673\">Fet artesanalment a Mallorca mitjan\u00e7ant saponificaci\u00f3 en fred, el nostre Sab\u00f3 de Taronja i Canyella ofereix una experi\u00e8ncia sensorial c\u00e0lida i revitalitzant. La combinaci\u00f3 de taronja dol\u00e7a i canyella crea un aroma envolvent, mentre que la seva f\u00f3rmula natural proporciona una neteja suau i hidratant per a l&#8217;\u00fas corporal diari. <\/p>\n<p class=\"\" data-start=\"675\" data-end=\"803\">Aquest sab\u00f3 \u00e9s perfecte per a aquells que busquen cuidar la seva pell amb ingredients naturals i gaudir d&#8217;una frag\u00e0ncia reconfortant.<\/p>\n<blockquote data-start=\"805\" data-end=\"906\">\n<p class=\"\" data-start=\"807\" data-end=\"906\"><em data-start=\"807\" data-end=\"906\">Aquest producte no est\u00e0 recomanat per a nens menors de 3 anys, dones embarassades ni lactants.<\/em><\/p>\n<\/blockquote>\n<p><strong>Ingredients clau i beneficis:<\/strong><\/p>\n<ul>\n<li><strong data-start=\"940\" data-end=\"976\">Taronja dol\u00e7a (Citrus sinensis):<\/strong> Revitalitza, aporta frescor i ajuda a millorar la lluminositat de la pell.<\/li>\n<li><strong data-start=\"1054\" data-end=\"1089\">Canyella (Cinnamomum zeylanicum):<\/strong> Estimula la circulaci\u00f3, ofereix una neteja suau i aporta un aroma c\u00e0lid i acollidor.<\/li>\n<li><strong data-start=\"1182\" data-end=\"1223\">Mantega de karit\u00e9 &amp; mantega de cacau:<\/strong> Hidraten, nodreixen i suavitzen la pell.<\/li>\n<li><strong data-start=\"1265\" data-end=\"1286\">Oli de ric\u00ed:<\/strong> Ajuda a mantenir la pell flexible i afavoreix una escuma suau i cremosa.<\/li>\n<\/ul>\n<p><strong>F\u00f3rmula natural i conscient:<\/strong><\/p>\n<ul>\n<li>100% ingredients naturals i biodegradables.<\/li>\n<li>Sense sulfats, parabens ni colorants artificials.<\/li>\n<li>Veg\u00e0 i no testat en animals.<\/li>\n<li>Fet a m\u00e0 amb ingredients procedents d&#8217;agricultura ecol\u00f2gica.<\/li>\n<\/ul>\n<p><!-- C\u00d3MO USARLO --><\/p>\n<details>\n<summary><strong>COM UTILITZAR-LO<\/strong><\/summary>\n<p>Humiteja el sab\u00f3 i frega&#8217;l entre les mans o sobre una esponja, massatgeu sobre la pell humida amb moviments circulars.<br \/>\nAclareix el sab\u00f3 de la pell amb aigua t\u00e8bia.<br \/>\nConserva en un lloc sec entre usos (idealment en una sabonera amb drenatge o en una bossa de cot\u00f3).<\/p>\n<\/details>\n<p><!-- INCI \u2013 INGREDIENTES --><\/p>\n<details style=\"margin-bottom: 15px;\">\n<summary><strong>INCI \u2013 INGREDIENTS<\/strong><\/summary>\n<p><em data-start=\"2022\" data-end=\"2196\">Sodium Olivate, Butyrospermum Parkii Butter, Ricinus Communis Oil, Theobroma Cacao Seed Butter, Glycerin, Citrus Sinensis Peel Oil, Cinnamomum Zeylanicum Bark Oil, Limonene<\/em>, Eugenol*, Benzyl Benzoate*, Linalool*, Cinnamal*<br data-start=\"2246\" data-end=\"2249\">*Components presents de forma natural en els olis essencials.<\/p>\n<\/details>\n","protected":false},"excerpt":{"rendered":"<p>Un sab\u00f3 hidratant amb car\u00e0cter, ideal per a aquells que volen cuidar la seva pell de manera natural i gaudir d&#8217;un aroma dol\u00e7 i especiat a cada \u00fas.<\/p>\n","protected":false},"featured_media":536,"comment_status":"open","ping_status":"closed","template":"","meta":{"_et_pb_use_builder":"","_et_pb_old_content":"","_et_gb_content_width":"","om_disable_all_campaigns":false,"_monsterinsights_skip_tracking":false,"_monsterinsights_sitenote_active":false,"_monsterinsights_sitenote_note":"","_monsterinsights_sitenote_category":0,"_uf_show_specific_survey":0,"_uf_disable_surveys":false},"product_brand":[],"product_cat":[82],"product_tag":[85,86,87,83],"class_list":{"0":"post-1146","1":"product","2":"type-product","3":"status-publish","4":"has-post-thumbnail","6":"product_cat-cura-corporal","7":"product_tag-artesanal","8":"product_tag-pell-sensible","9":"product_tag-sense-parabens","10":"product_tag-tot-tipus-de-pells","12":"first","13":"instock","14":"taxable","15":"shipping-taxable","16":"purchasable","17":"product-type-simple"},"aioseo_notices":[],"jetpack_sharing_enabled":true,"_links":{"self":[{"href":"https:\/\/sarreldellevant.net\/ca\/wp-json\/wp\/v2\/product\/1146","targetHints":{"allow":["GET"]}}],"collection":[{"href":"https:\/\/sarreldellevant.net\/ca\/wp-json\/wp\/v2\/product"}],"about":[{"href":"https:\/\/sarreldellevant.net\/ca\/wp-json\/wp\/v2\/types\/product"}],"replies":[{"embeddable":true,"href":"https:\/\/sarreldellevant.net\/ca\/wp-json\/wp\/v2\/comments?post=1146"}],"wp:featuredmedia":[{"embeddable":true,"href":"https:\/\/sarreldellevant.net\/ca\/wp-json\/wp\/v2\/media\/536"}],"wp:attachment":[{"href":"https:\/\/sarreldellevant.net\/ca\/wp-json\/wp\/v2\/media?parent=1146"}],"wp:term":[{"taxonomy":"product_brand","embeddable":true,"href":"https:\/\/sarreldellevant.net\/ca\/wp-json\/wp\/v2\/product_brand?post=1146"},{"taxonomy":"product_cat","embeddable":true,"href":"https:\/\/sarreldellevant.net\/ca\/wp-json\/wp\/v2\/product_cat?post=1146"},{"taxonomy":"product_tag","embeddable":true,"href":"https:\/\/sarreldellevant.net\/ca\/wp-json\/wp\/v2\/product_tag?post=1146"}],"curies":[{"name":"wp","href":"https:\/\/api.w.org\/{rel}","templated":true}]}}

Sabó de taronja i canyella

<p class="" data-start="839" data-end="933"><strong>Sabó de taronja i canyella, un sabó hidratant amb caràcter,</strong> ideal per a aquells que volen cuidar la seva pell de manera natural i gaudir d&#8217;un aroma dolç i especiat a cada ús. Apte per a tot tipus de pells. </p>
<p class="" data-start="345" data-end="673">Fet artesanalment a Mallorca mitjançant saponificació en fred, el nostre Sabó de Taronja i Canyella ofereix una experiència sensorial càlida i revitalitzant. La combinació de taronja dolça i canyella crea un aroma envolvent, mentre que la seva fórmula natural proporciona una neteja suau i hidratant per a l&#8217;ús corporal diari. </p>
<p class="" data-start="675" data-end="803">Aquest sabó és perfecte per a aquells que busquen cuidar la seva pell amb ingredients naturals i gaudir d&#8217;una fragància reconfortant.</p>
<blockquote data-start="805" data-end="906">
<p class="" data-start="807" data-end="906"><em data-start="807" data-end="906">Aquest producte no està recomanat per a nens menors de 3 anys, dones embarassades ni lactants.</em></p>
</blockquote>
<p><strong>Ingredients clau i beneficis:</strong></p>
<ul>
<li><strong data-start="940" data-end="976">Taronja dolça (Citrus sinensis):</strong> Revitalitza, aporta frescor i ajuda a millorar la lluminositat de la pell.</li>
<li><strong data-start="1054" data-end="1089">Canyella (Cinnamomum zeylanicum):</strong> Estimula la circulació, ofereix una neteja suau i aporta un aroma càlid i acollidor.</li>
<li><strong data-start="1182" data-end="1223">Mantega de karité &amp; mantega de cacau:</strong> Hidraten, nodreixen i suavitzen la pell.</li>
<li><strong data-start="1265" data-end="1286">Oli de ricí:</strong> Ajuda a mantenir la pell flexible i afavoreix una escuma suau i cremosa.</li>
</ul>
<p><strong>Fórmula natural i conscient:</strong></p>
<ul>
<li>100% ingredients naturals i biodegradables.</li>
<li>Sense sulfats, parabens ni colorants artificials.</li>
<li>Vegà i no testat en animals.</li>
<li>Fet a mà amb ingredients procedents d&#8217;agricultura ecològica.</li>
</ul>
<p><!-- CÓMO USARLO --></p>
<details>
<summary><strong>COM UTILITZAR-LO</strong></summary>
<p>Humiteja el sabó i frega&#8217;l entre les mans o sobre una esponja, massatgeu sobre la pell humida amb moviments circulars.<br />
Aclareix el sabó de la pell amb aigua tèbia.<br />
Conserva en un lloc sec entre usos (idealment en una sabonera amb drenatge o en una bossa de cotó).</p>
</details>
<p><!-- INCI – INGREDIENTES --></p>
<details style="margin-bottom: 15px;">
<summary><strong>INCI – INGREDIENTS</strong></summary>
<p><em data-start="2022" data-end="2196">Sodium Olivate, Butyrospermum Parkii Butter, Ricinus Communis Oil, Theobroma Cacao Seed Butter, Glycerin, Citrus Sinensis Peel Oil, Cinnamomum Zeylanicum Bark Oil, Limonene</em>, Eugenol*, Benzyl Benzoate*, Linalool*, Cinnamal*<br data-start="2246" data-end="2249">*Components presents de forma natural en els olis essencials.</p>
</details>

<p>Un sabó hidratant amb caràcter, ideal per a aquells que volen cuidar la seva pell de manera natural i gaudir d&#8217;un aroma dolç i especiat a cada ús.</p>
