{"id":1411,"date":"2026-01-19T12:26:29","date_gmt":"2026-01-19T11:26:29","guid":{"rendered":"https:\/\/sarreldellevant.net\/producto\/bossa-alberginia\/"},"modified":"2026-01-19T12:26:29","modified_gmt":"2026-01-19T11:26:29","slug":"bossa-alberginia","status":"publish","type":"product","link":"https:\/\/sarreldellevant.net\/ca\/producto\/bossa-alberginia\/","title":{"rendered":"Bossa Alberg\u00ednia"},"content":{"rendered":"<p data-start=\"42\" data-end=\"95\"><strong data-start=\"42\" data-end=\"95\">Bossa de m\u00e0 de vellut afelpat \u2013 Alberg\u00ednia<\/strong><\/p>\n<p data-start=\"97\" data-end=\"268\">Bossa de m\u00e0 suau i elegant, confeccionada en vellut afelpat. Interior folrat amb cot\u00f3. <\/p>\n<ul data-start=\"270\" data-end=\"367\">\n<li data-start=\"270\" data-end=\"313\">\n<p data-start=\"272\" data-end=\"313\">Composici\u00f3: 63% cot\u00f3, 37% poli\u00e8ster<\/p>\n<\/li>\n<li data-start=\"314\" data-end=\"346\">\n<p data-start=\"316\" data-end=\"346\">Dimensions: 43 \u00d7 33 \u00d7 19 cm<\/p>\n<\/li>\n<li data-start=\"347\" data-end=\"367\">\n<p data-start=\"349\" data-end=\"367\">Color: alberg\u00ednia<\/p>\n<\/li>\n<\/ul>\n<p data-start=\"369\" data-end=\"405\" data-is-last-node=\"\" data-is-only-node=\"\">Ideal per a un \u00fas diari amb estil.<\/p>\n","protected":false},"excerpt":{"rendered":"<p data-start=\"42\" data-end=\"95\"><strong data-start=\"42\" data-end=\"95\">Bossa de m\u00e0 de vellut afelpat \u2013 Alberg\u00ednia<\/strong><\/p>\n<p data-start=\"97\" data-end=\"268\">Bossa de m\u00e0 suau i elegant, confeccionada en vellut afelpat. Interior folrat amb cot\u00f3. <\/p>\n","protected":false},"featured_media":1227,"comment_status":"closed","ping_status":"closed","template":"","meta":{"_et_pb_use_builder":"","_et_pb_old_content":"","_et_gb_content_width":"","om_disable_all_campaigns":false,"_monsterinsights_skip_tracking":false,"_monsterinsights_sitenote_active":false,"_monsterinsights_sitenote_note":"","_monsterinsights_sitenote_category":0,"_uf_show_specific_survey":0,"_uf_disable_surveys":false},"product_brand":[],"product_cat":[90],"product_tag":[101],"class_list":{"0":"post-1411","1":"product","2":"type-product","3":"status-publish","4":"has-post-thumbnail","6":"product_cat-accessoris","7":"product_tag-bossa","9":"first","10":"instock","11":"taxable","12":"shipping-taxable","13":"purchasable","14":"product-type-simple"},"aioseo_notices":[],"jetpack_sharing_enabled":true,"_links":{"self":[{"href":"https:\/\/sarreldellevant.net\/ca\/wp-json\/wp\/v2\/product\/1411","targetHints":{"allow":["GET"]}}],"collection":[{"href":"https:\/\/sarreldellevant.net\/ca\/wp-json\/wp\/v2\/product"}],"about":[{"href":"https:\/\/sarreldellevant.net\/ca\/wp-json\/wp\/v2\/types\/product"}],"replies":[{"embeddable":true,"href":"https:\/\/sarreldellevant.net\/ca\/wp-json\/wp\/v2\/comments?post=1411"}],"wp:featuredmedia":[{"embeddable":true,"href":"https:\/\/sarreldellevant.net\/ca\/wp-json\/wp\/v2\/media\/1227"}],"wp:attachment":[{"href":"https:\/\/sarreldellevant.net\/ca\/wp-json\/wp\/v2\/media?parent=1411"}],"wp:term":[{"taxonomy":"product_brand","embeddable":true,"href":"https:\/\/sarreldellevant.net\/ca\/wp-json\/wp\/v2\/product_brand?post=1411"},{"taxonomy":"product_cat","embeddable":true,"href":"https:\/\/sarreldellevant.net\/ca\/wp-json\/wp\/v2\/product_cat?post=1411"},{"taxonomy":"product_tag","embeddable":true,"href":"https:\/\/sarreldellevant.net\/ca\/wp-json\/wp\/v2\/product_tag?post=1411"}],"curies":[{"name":"wp","href":"https:\/\/api.w.org\/{rel}","templated":true}]}}

Bossa Albergínia

<p data-start="42" data-end="95"><strong data-start="42" data-end="95">Bossa de mà de vellut afelpat – Albergínia</strong></p>
<p data-start="97" data-end="268">Bossa de mà suau i elegant, confeccionada en vellut afelpat. Interior folrat amb cotó. </p>
<ul data-start="270" data-end="367">
<li data-start="270" data-end="313">
<p data-start="272" data-end="313">Composició: 63% cotó, 37% polièster</p>
</li>
<li data-start="314" data-end="346">
<p data-start="316" data-end="346">Dimensions: 43 × 33 × 19 cm</p>
</li>
<li data-start="347" data-end="367">
<p data-start="349" data-end="367">Color: albergínia</p>
</li>
</ul>
<p data-start="369" data-end="405" data-is-last-node="" data-is-only-node="">Ideal per a un ús diari amb estil.</p>

<p data-start="42" data-end="95"><strong data-start="42" data-end="95">Bossa de mà de vellut afelpat – Albergínia</strong></p>
<p data-start="97" data-end="268">Bossa de mà suau i elegant, confeccionada en vellut afelpat. Interior folrat amb cotó. </p>
